Last updated on 2022-05-27 13:51:49 CEST.
Flavor | Version | Tinstall | Tcheck | Ttotal | Status | Flags |
---|---|---|---|---|---|---|
r-devel-linux-x86_64-debian-clang | 1.5.4 | 162.46 | 582.18 | 744.64 | OK | |
r-devel-linux-x86_64-debian-gcc | 1.5.4 | 131.18 | 451.99 | 583.17 | OK | |
r-devel-linux-x86_64-fedora-clang | 1.5.4 | 949.19 | OK | |||
r-devel-linux-x86_64-fedora-gcc | 1.5.4 | 901.04 | OK | |||
r-devel-windows-x86_64 | 1.5.4 | 667.00 | 672.00 | 1339.00 | OK | |
r-patched-linux-x86_64 | 1.5.4 | 145.78 | 562.53 | 708.31 | OK | |
r-release-linux-x86_64 | 1.5.4 | 141.31 | 565.89 | 707.20 | OK | |
r-release-macos-arm64 | 1.5.4 | 213.00 | NOTE | |||
r-release-macos-x86_64 | 1.5.4 | 381.00 | NOTE | |||
r-release-windows-x86_64 | 1.5.4 | 658.00 | 639.00 | 1297.00 | OK | |
r-oldrel-macos-arm64 | 1.5.4 | 242.00 | NOTE | |||
r-oldrel-macos-x86_64 | 1.5.4 | 214.00 | NOTE | |||
r-oldrel-windows-ix86+x86_64 | 1.5.4 | 403.00 | 1023.00 | 1426.00 | OK |
Version: 1.5.4
Check: installed package size
Result: NOTE
installed size is 5.4Mb
sub-directories of 1Mb or more:
libs 3.7Mb
Flavors: r-release-macos-arm64, r-release-macos-x86_64, r-oldrel-macos-arm64, r-oldrel-macos-x86_64