Last updated on 2023-09-28 20:56:48 CEST.
Flavor | Version | Tinstall | Tcheck | Ttotal | Status | Flags |
---|---|---|---|---|---|---|
r-devel-linux-x86_64-debian-clang | 1.2.2 | 2.40 | 51.05 | 53.45 | NOTE | |
r-devel-linux-x86_64-debian-gcc | 1.2.2 | 2.42 | 39.65 | 42.07 | NOTE | |
r-devel-linux-x86_64-fedora-clang | 1.2.2 | 65.22 | NOTE | |||
r-devel-linux-x86_64-fedora-gcc | 1.2.2 | 77.19 | NOTE | |||
r-devel-windows-x86_64 | 1.2.2 | 6.00 | 72.00 | 78.00 | NOTE | |
r-patched-linux-x86_64 | 1.2.2 | 2.90 | 50.96 | 53.86 | OK | |
r-release-linux-x86_64 | 1.2.2 | 2.69 | 50.02 | 52.71 | OK | |
r-release-macos-arm64 | 1.2.2 | 41.00 | OK | |||
r-release-macos-x86_64 | 1.2.2 | 57.00 | OK | |||
r-release-windows-x86_64 | 1.2.2 | 5.00 | 76.00 | 81.00 | OK | |
r-oldrel-macos-arm64 | 1.2.2 | 34.00 | OK | |||
r-oldrel-macos-x86_64 | 1.2.2 | 42.00 | OK | |||
r-oldrel-windows-x86_64 | 1.2.2 | 5.00 | 77.00 | 82.00 | OK |
Version: 1.2.2
Check: Rd \usage sections
Result: NOTE
Documented arguments not in \usage in documentation object 'extract_and_augment_context':
‘...additional’
Functions with \usage entries need to have the appropriate \alias
entries, and all their arguments documented.
The \usage entries must correspond to syntactically valid R code.
See chapter ‘Writing R documentation files’ in the ‘Writing R
Extensions’ manual.
Flavors: r-devel-linux-x86_64-debian-clang, r-devel-linux-x86_64-debian-gcc, r-devel-linux-x86_64-fedora-clang, r-devel-linux-x86_64-fedora-gcc, r-devel-windows-x86_64