CRAN Package Check Results for Package lamW

Last updated on 2019-07-21 07:49:12 CEST.

Flavor Version Tinstall Tcheck Ttotal Status Flags
r-devel-linux-x86_64-debian-clang 1.3.0 14.60 23.29 37.89 NOTE
r-devel-linux-x86_64-debian-gcc 1.3.0 10.71 19.31 30.02 NOTE
r-devel-linux-x86_64-fedora-clang 1.3.0 52.93 NOTE
r-devel-linux-x86_64-fedora-gcc 1.3.0 50.80 NOTE
r-devel-windows-ix86+x86_64 1.3.0 52.00 81.00 133.00 NOTE
r-patched-linux-x86_64 1.3.0 14.18 23.82 38.00 NOTE
r-patched-solaris-x86 1.3.0 72.20 NOTE
r-release-linux-x86_64 1.3.0 13.56 23.41 36.97 NOTE
r-release-windows-ix86+x86_64 1.3.0 65.00 54.00 119.00 NOTE
r-release-osx-x86_64 1.3.0 NOTE
r-oldrel-windows-ix86+x86_64 1.3.0 74.00 56.00 130.00 NOTE
r-oldrel-osx-x86_64 1.3.0 NOTE

Additional issues

clang-UBSAN

Check Details

Version: 1.3.0
Check: line endings in C/C++/Fortran sources/headers
Result: NOTE
    Found the following sources/headers with CR or CRLF line endings:
     inst/include/lamW.h
     inst/include/lamW_RcppExports.h
    Some Unix compilers require LF line endings.
Flavors: r-devel-linux-x86_64-debian-clang, r-devel-linux-x86_64-debian-gcc, r-devel-linux-x86_64-fedora-clang, r-devel-linux-x86_64-fedora-gcc, r-devel-windows-ix86+x86_64, r-patched-linux-x86_64, r-patched-solaris-x86, r-release-linux-x86_64, r-release-windows-ix86+x86_64, r-release-osx-x86_64

Version: 1.3.0
Check: for GNU extensions in Makefiles
Result: NOTE
    GNU make is a SystemRequirements.
Flavors: r-devel-linux-x86_64-debian-clang, r-devel-linux-x86_64-debian-gcc, r-devel-linux-x86_64-fedora-clang, r-devel-linux-x86_64-fedora-gcc, r-devel-windows-ix86+x86_64, r-patched-linux-x86_64, r-patched-solaris-x86, r-release-linux-x86_64, r-release-windows-ix86+x86_64, r-release-osx-x86_64, r-oldrel-windows-ix86+x86_64, r-oldrel-osx-x86_64