CRAN Package Check Results for Package lamW

Last updated on 2019-04-26 06:47:43 CEST.

Flavor Version Tinstall Tcheck Ttotal Status Flags
r-devel-linux-x86_64-debian-clang 1.3.0 15.03 24.06 39.09 NOTE
r-devel-linux-x86_64-debian-gcc 1.3.0 10.77 19.14 29.91 NOTE
r-devel-linux-x86_64-fedora-clang 1.3.0 53.82 NOTE
r-devel-linux-x86_64-fedora-gcc 1.3.0 46.25 NOTE
r-devel-windows-ix86+x86_64 1.3.0 53.00 75.00 128.00 NOTE
r-patched-linux-x86_64 1.3.0 13.12 23.55 36.67 NOTE
r-patched-solaris-x86 1.3.0 66.40 NOTE
r-release-linux-x86_64 1.3.0 11.86 22.44 34.30 NOTE
r-release-windows-ix86+x86_64 1.3.0 58.00 76.00 134.00 NOTE
r-release-osx-x86_64 1.3.0 NOTE
r-oldrel-windows-ix86+x86_64 1.3.0 33.00 55.00 88.00 NOTE
r-oldrel-osx-x86_64 1.3.0 NOTE

Check Details

Version: 1.3.0
Check: line endings in C/C++/Fortran sources/headers
Result: NOTE
    Found the following sources/headers with CR or CRLF line endings:
     inst/include/lamW.h
     inst/include/lamW_RcppExports.h
    Some Unix compilers require LF line endings.
Flavors: r-devel-linux-x86_64-debian-clang, r-devel-linux-x86_64-debian-gcc, r-devel-linux-x86_64-fedora-clang, r-devel-linux-x86_64-fedora-gcc, r-devel-windows-ix86+x86_64, r-patched-linux-x86_64, r-patched-solaris-x86

Version: 1.3.0
Check: for GNU extensions in Makefiles
Result: NOTE
    GNU make is a SystemRequirements.
Flavors: r-devel-linux-x86_64-debian-clang, r-devel-linux-x86_64-debian-gcc, r-devel-linux-x86_64-fedora-clang, r-devel-linux-x86_64-fedora-gcc, r-devel-windows-ix86+x86_64, r-patched-linux-x86_64, r-patched-solaris-x86, r-release-linux-x86_64, r-release-windows-ix86+x86_64, r-release-osx-x86_64, r-oldrel-windows-ix86+x86_64, r-oldrel-osx-x86_64