CRAN Package Check Results for Package lagsarlmtree

Last updated on 2022-12-02 05:00:08 CET.

Flavor Version Tinstall Tcheck Ttotal Status Flags
r-devel-linux-x86_64-debian-clang 1.0-1 13.62 131.36 144.98 OK
r-devel-linux-x86_64-debian-gcc 1.0-1 11.16 100.06 111.22 OK
r-devel-linux-x86_64-fedora-clang 1.0-1 189.89 NOTE
r-devel-linux-x86_64-fedora-gcc 1.0-1 192.12 OK
r-devel-windows-x86_64 1.0-1 21.00 153.00 174.00 NOTE
r-patched-linux-x86_64 1.0-1 9.86 125.57 135.43 OK
r-release-linux-x86_64 1.0-1 11.12 127.48 138.60 OK
r-release-macos-arm64 1.0-1 90.00 NOTE
r-release-macos-x86_64 1.0-1 141.00 NOTE
r-release-windows-x86_64 1.0-1 20.00 158.00 178.00 NOTE
r-oldrel-macos-arm64 1.0-1 73.00 NOTE
r-oldrel-macos-x86_64 1.0-1 97.00 NOTE
r-oldrel-windows-ix86+x86_64 1.0-1 31.00 143.00 174.00 NOTE

Check Details

Version: 1.0-1
Check: installed package size
Result: NOTE
     installed size is 8.4Mb
     sub-directories of 1Mb or more:
     data 8.3Mb
Flavors: r-devel-linux-x86_64-fedora-clang, r-devel-windows-x86_64, r-release-macos-arm64, r-release-macos-x86_64, r-release-windows-x86_64, r-oldrel-macos-arm64, r-oldrel-macos-x86_64, r-oldrel-windows-ix86+x86_64

Version: 1.0-1
Check: Rd cross-references
Result: NOTE
    Undeclared package ‘spdep’ in Rd xrefs
Flavor: r-devel-linux-x86_64-fedora-clang