CRAN Package Check Results for Package lactcurves

Last updated on 2022-05-22 04:49:15 CEST.

Flavor Version Tinstall Tcheck Ttotal Status Flags
r-devel-linux-x86_64-debian-clang 1.1.0 14.62 52.92 67.54 NOTE
r-devel-linux-x86_64-debian-gcc 1.1.0 13.75 39.18 52.93 NOTE
r-devel-linux-x86_64-fedora-clang 1.1.0 82.77 NOTE
r-devel-linux-x86_64-fedora-gcc 1.1.0 80.40 NOTE
r-devel-windows-x86_64 1.1.0 16.00 59.00 75.00 NOTE
r-patched-linux-x86_64 1.1.0 12.89 51.02 63.91 NOTE
r-release-linux-x86_64 1.1.0 15.09 51.11 66.20 NOTE
r-release-macos-arm64 1.1.0 24.00 NOTE
r-release-macos-x86_64 1.1.0 31.00 NOTE
r-release-windows-x86_64 1.1.0 19.00 61.00 80.00 NOTE
r-oldrel-macos-arm64 1.1.0 25.00 NOTE
r-oldrel-macos-x86_64 1.1.0 45.00 NOTE
r-oldrel-windows-ix86+x86_64 1.1.0 24.00 56.00 80.00 NOTE

Check Details

Version: 1.1.0
Check: LazyData
Result: NOTE
     'LazyData' is specified without a 'data' directory
Flavors: r-devel-linux-x86_64-debian-clang, r-devel-linux-x86_64-debian-gcc, r-devel-linux-x86_64-fedora-clang, r-devel-linux-x86_64-fedora-gcc, r-devel-windows-x86_64, r-patched-linux-x86_64, r-release-linux-x86_64, r-release-macos-arm64, r-release-macos-x86_64, r-release-windows-x86_64, r-oldrel-macos-arm64, r-oldrel-macos-x86_64, r-oldrel-windows-ix86+x86_64