CRAN Package Check Results for Package labelrank

Last updated on 2019-12-14 05:47:33 CET.

Flavor Version Tinstall Tcheck Ttotal Status Flags
r-devel-linux-x86_64-debian-clang 0.1 1.84 23.85 25.69 NOTE
r-devel-linux-x86_64-debian-gcc 0.1 1.66 18.62 20.28 NOTE
r-devel-linux-x86_64-fedora-clang 0.1 32.07 OK
r-devel-linux-x86_64-fedora-gcc 0.1 31.13 OK
r-devel-windows-ix86+x86_64 0.1 6.00 47.00 53.00 NOTE
r-devel-windows-ix86+x86_64-gcc8 0.1 5.00 57.00 62.00 NOTE
r-patched-linux-x86_64 0.1 1.52 21.95 23.47 OK
r-patched-solaris-x86 0.1 44.80 OK
r-release-linux-x86_64 0.1 1.72 21.56 23.28 OK
r-release-windows-ix86+x86_64 0.1 5.00 39.00 44.00 OK
r-release-osx-x86_64 0.1 OK
r-oldrel-windows-ix86+x86_64 0.1 3.00 38.00 41.00 OK
r-oldrel-osx-x86_64 0.1 OK

Check Details

Version: 0.1
Check: package vignettes
Result: NOTE
    Package vignette with placeholder title 'Vignette Title':
     'labelrank.Rmd'
Flavors: r-devel-linux-x86_64-debian-clang, r-devel-linux-x86_64-debian-gcc, r-devel-windows-ix86+x86_64, r-devel-windows-ix86+x86_64-gcc8