CRAN Package Check Results for Package labelrank

Last updated on 2020-07-04 20:47:23 CEST.

Flavor Version Tinstall Tcheck Ttotal Status Flags
r-devel-linux-x86_64-debian-clang 0.1 2.02 22.78 24.80 NOTE
r-devel-linux-x86_64-debian-gcc 0.1 1.67 18.65 20.32 NOTE
r-devel-linux-x86_64-fedora-clang 0.1 39.22 OK
r-devel-linux-x86_64-fedora-gcc 0.1 31.20 OK
r-devel-windows-ix86+x86_64 0.1 11.00 38.00 49.00 NOTE
r-patched-linux-x86_64 0.1 2.07 23.11 25.18 NOTE
r-patched-solaris-x86 0.1 48.60 OK
r-release-linux-x86_64 0.1 1.81 23.47 25.28 NOTE
r-release-osx-x86_64 0.1 OK
r-release-windows-ix86+x86_64 0.1 5.00 34.00 39.00 NOTE
r-oldrel-osx-x86_64 0.1 OK
r-oldrel-windows-ix86+x86_64 0.1 4.00 51.00 55.00 OK

Check Details

Version: 0.1
Check: package vignettes
Result: NOTE
    Package vignette with placeholder title 'Vignette Title':
     'labelrank.Rmd'
Flavors: r-devel-linux-x86_64-debian-clang, r-devel-linux-x86_64-debian-gcc, r-devel-windows-ix86+x86_64, r-patched-linux-x86_64, r-release-linux-x86_64, r-release-windows-ix86+x86_64