CRAN Package Check Results for Package l1ball

Last updated on 2022-08-12 16:50:54 CEST.

Flavor Version Tinstall Tcheck Ttotal Status Flags
r-devel-linux-x86_64-debian-clang 0.1.0 3.24 46.03 49.27 NOTE
r-devel-linux-x86_64-debian-gcc 0.1.0 3.05 35.20 38.25 NOTE
r-devel-linux-x86_64-fedora-clang 0.1.0 66.93 NOTE
r-devel-linux-x86_64-fedora-gcc 0.1.0 70.11 NOTE
r-devel-windows-x86_64 0.1.0 9.00 67.00 76.00 NOTE
r-patched-linux-x86_64 0.1.0 3.28 44.41 47.69 NOTE
r-release-linux-x86_64 0.1.0 3.32 44.02 47.34 NOTE
r-release-macos-arm64 0.1.0 22.00 NOTE
r-release-macos-x86_64 0.1.0 29.00 NOTE
r-release-windows-x86_64 0.1.0 5.00 69.00 74.00 NOTE
r-oldrel-macos-arm64 0.1.0 23.00 NOTE
r-oldrel-macos-x86_64 0.1.0 40.00 NOTE
r-oldrel-windows-ix86+x86_64 0.1.0 9.00 63.00 72.00 NOTE

Check Details

Version: 0.1.0
Check: LazyData
Result: NOTE
     'LazyData' is specified without a 'data' directory
Flavors: r-devel-linux-x86_64-debian-clang, r-devel-linux-x86_64-debian-gcc, r-devel-linux-x86_64-fedora-clang, r-devel-linux-x86_64-fedora-gcc, r-devel-windows-x86_64, r-patched-linux-x86_64, r-release-linux-x86_64, r-release-macos-arm64, r-release-macos-x86_64, r-release-windows-x86_64, r-oldrel-macos-arm64, r-oldrel-macos-x86_64, r-oldrel-windows-ix86+x86_64