CRAN Package Check Results for Package l0ara

Last updated on 2021-12-04 21:53:12 CET.

Flavor Version Tinstall Tcheck Ttotal Status Flags
r-devel-linux-x86_64-debian-clang 0.1.6 35.07 36.50 71.57 NOTE
r-devel-linux-x86_64-debian-gcc 0.1.6 24.09 28.89 52.98 NOTE
r-devel-linux-x86_64-fedora-clang 0.1.6 102.33 NOTE
r-devel-linux-x86_64-fedora-gcc 0.1.6 84.06 NOTE
r-devel-windows-x86_64-new-UL 0.1.6 48.00 88.00 136.00 NOTE
r-devel-windows-x86_64-new-TK 0.1.6 NOTE
r-devel-windows-x86_64-old 0.1.6 46.00 46.00 92.00 NOTE
r-patched-linux-x86_64 0.1.6 29.87 27.35 57.22 NOTE
r-release-linux-x86_64 0.1.6 28.67 26.84 55.51 NOTE
r-release-macos-arm64 0.1.6 NOTE
r-release-macos-x86_64 0.1.6 NOTE
r-release-windows-ix86+x86_64 0.1.6 87.00 75.00 162.00 NOTE
r-oldrel-macos-x86_64 0.1.6 OK
r-oldrel-windows-ix86+x86_64 0.1.6 86.00 69.00 155.00 OK

Check Details

Version: 0.1.6
Check: LazyData
Result: NOTE
     'LazyData' is specified without a 'data' directory
Flavors: r-devel-linux-x86_64-debian-clang, r-devel-linux-x86_64-debian-gcc, r-devel-linux-x86_64-fedora-clang, r-devel-linux-x86_64-fedora-gcc, r-devel-windows-x86_64-new-UL, r-devel-windows-x86_64-new-TK, r-devel-windows-x86_64-old, r-patched-linux-x86_64, r-release-linux-x86_64, r-release-macos-arm64, r-release-macos-x86_64, r-release-windows-ix86+x86_64