CRAN Package Check Results for Package kselection

Last updated on 2019-07-15 22:55:06 CEST.

Flavor Version Tinstall Tcheck Ttotal Status Flags
r-devel-linux-x86_64-debian-clang 0.2.0 1.55 19.76 21.31 NOTE
r-devel-linux-x86_64-debian-gcc 0.2.0 1.29 16.54 17.83 NOTE
r-devel-linux-x86_64-fedora-clang 0.2.0 25.65 NOTE
r-devel-linux-x86_64-fedora-gcc 0.2.0 24.84 NOTE
r-devel-windows-ix86+x86_64 0.2.0 6.00 34.00 40.00 NOTE
r-patched-linux-x86_64 0.2.0 1.38 19.58 20.96 NOTE
r-patched-solaris-x86 0.2.0 45.30 NOTE
r-release-linux-x86_64 0.2.0 1.42 19.87 21.29 NOTE
r-release-windows-ix86+x86_64 0.2.0 4.00 45.00 49.00 NOTE
r-release-osx-x86_64 0.2.0 NOTE
r-oldrel-windows-ix86+x86_64 0.2.0 3.00 67.00 70.00 NOTE
r-oldrel-osx-x86_64 0.2.0 NOTE

Check Details

Version: 0.2.0
Check: R code for possible problems
Result: NOTE
    kselection: no visible global function definition for 'txtProgressBar'
    kselection: no visible global function definition for
     'setTxtProgressBar'
    plot.Kselection: no visible global function definition for 'plot'
    plot.Kselection: no visible global function definition for 'lines'
    plot.Kselection: no visible global function definition for 'legend'
    Undefined global functions or variables:
     legend lines plot setTxtProgressBar txtProgressBar
    Consider adding
     importFrom("graphics", "legend", "lines", "plot")
     importFrom("utils", "setTxtProgressBar", "txtProgressBar")
    to your NAMESPACE file.
Flavors: r-devel-linux-x86_64-debian-clang, r-devel-linux-x86_64-debian-gcc, r-devel-linux-x86_64-fedora-clang, r-devel-linux-x86_64-fedora-gcc, r-devel-windows-ix86+x86_64, r-patched-linux-x86_64, r-patched-solaris-x86, r-release-linux-x86_64, r-release-windows-ix86+x86_64, r-release-osx-x86_64, r-oldrel-windows-ix86+x86_64, r-oldrel-osx-x86_64