CRAN Package Check Results for Package ks

Last updated on 2020-08-03 22:50:37 CEST.

Flavor Version Tinstall Tcheck Ttotal Status Flags
r-devel-linux-x86_64-debian-clang 1.11.7 30.21 178.82 209.03 OK
r-devel-linux-x86_64-debian-gcc 1.11.7 20.93 131.26 152.19 OK
r-devel-linux-x86_64-fedora-clang 1.11.7 244.87 OK
r-devel-linux-x86_64-fedora-gcc 1.11.7 239.15 OK
r-devel-windows-ix86+x86_64 1.11.7 49.00 242.00 291.00 OK
r-patched-linux-x86_64 1.11.7 22.80 176.54 199.34 OK
r-patched-solaris-x86 1.11.7 410.00 OK
r-release-linux-x86_64 1.11.7 22.57 177.51 200.08 OK
r-release-macos-x86_64 1.11.7 OK
r-release-windows-ix86+x86_64 1.11.7 50.00 320.00 370.00 OK
r-oldrel-macos-x86_64 1.11.7 NOTE
r-oldrel-windows-ix86+x86_64 1.11.7 27.00 292.00 319.00 OK

Check Details

Version: 1.11.7
Check: dependencies in R code
Result: NOTE
    No protocol specified
Flavor: r-oldrel-macos-x86_64