CRAN Package Check Results for Package kpcalg

Last updated on 2019-07-16 07:50:50 CEST.

Flavor Version Tinstall Tcheck Ttotal Status Flags
r-devel-linux-x86_64-debian-clang 1.0.1 14.21 257.10 271.31 OK
r-devel-linux-x86_64-debian-gcc 1.0.1 11.61 202.17 213.78 OK
r-devel-linux-x86_64-fedora-clang 1.0.1 298.66 OK
r-devel-linux-x86_64-fedora-gcc 1.0.1 305.66 OK
r-devel-windows-ix86+x86_64 1.0.1 38.00 244.00 282.00 OK
r-patched-linux-x86_64 1.0.1 13.16 255.04 268.20 OK
r-patched-solaris-x86 1.0.1 479.60 OK
r-release-linux-x86_64 1.0.1 13.91 257.44 271.35 OK
r-release-windows-ix86+x86_64 1.0.1 26.00 329.00 355.00 OK
r-release-osx-x86_64 1.0.1 ERROR
r-oldrel-windows-ix86+x86_64 1.0.1 26.00 298.00 324.00 OK
r-oldrel-osx-x86_64 1.0.1 OK

Check Details

Version: 1.0.1
Check: package dependencies
Result: ERROR
    Packages required but not available: 'pcalg', 'graph'
    
    Package suggested but not available for checking: ‘Rgraphviz’
    
    See section ‘The DESCRIPTION file’ in the ‘Writing R Extensions’
    manual.
Flavor: r-release-osx-x86_64