CRAN Package Check Results for Package kpcalg

Last updated on 2019-05-21 20:47:27 CEST.

Flavor Version Tinstall Tcheck Ttotal Status Flags
r-devel-linux-x86_64-debian-clang 1.0.1 12.33 254.74 267.07 OK
r-devel-linux-x86_64-debian-gcc 1.0.1 10.95 152.58 163.53 OK
r-devel-linux-x86_64-fedora-clang 1.0.1 294.31 OK
r-devel-linux-x86_64-fedora-gcc 1.0.1 292.97 OK
r-devel-windows-ix86+x86_64 1.0.1 26.00 321.00 347.00 OK
r-patched-linux-x86_64 1.0.1 12.56 256.52 269.08 OK
r-patched-solaris-x86 1.0.1 488.70 OK
r-release-linux-x86_64 1.0.1 12.54 251.80 264.34 OK
r-release-windows-ix86+x86_64 1.0.1 37.00 305.00 342.00 OK
r-release-osx-x86_64 1.0.1 ERROR
r-oldrel-windows-ix86+x86_64 1.0.1 18.00 220.00 238.00 OK
r-oldrel-osx-x86_64 1.0.1 OK

Check Details

Version: 1.0.1
Check: package dependencies
Result: ERROR
    Packages required but not available: 'pcalg', 'graph'
    
    Package suggested but not available for checking: ‘Rgraphviz’
    
    See section ‘The DESCRIPTION file’ in the ‘Writing R Extensions’
    manual.
Flavor: r-release-osx-x86_64