CRAN Package Check Results for Package kpcalg

Last updated on 2022-01-25 02:49:44 CET.

Flavor Version Tinstall Tcheck Ttotal Status Flags
r-devel-linux-x86_64-debian-clang 1.0.1 11.29 276.15 287.44 NOTE
r-devel-linux-x86_64-debian-gcc 1.0.1 12.31 209.19 221.50 NOTE
r-devel-linux-x86_64-fedora-clang 1.0.1 347.57 NOTE
r-devel-linux-x86_64-fedora-gcc 1.0.1 358.02 NOTE
r-devel-windows-x86_64-new-UL 1.0.1 34.00 301.00 335.00 NOTE
r-devel-windows-x86_64-new-TK 1.0.1 NOTE
r-patched-linux-x86_64 1.0.1 14.42 264.64 279.06 NOTE
r-release-linux-x86_64 1.0.1 12.88 267.99 280.87 NOTE
r-release-macos-arm64 1.0.1 NOTE
r-release-macos-x86_64 1.0.1 NOTE
r-release-windows-ix86+x86_64 1.0.1 30.00 300.00 330.00 NOTE
r-oldrel-macos-x86_64 1.0.1 OK
r-oldrel-windows-ix86+x86_64 1.0.1 29.00 307.00 336.00 OK

Check Details

Version: 1.0.1
Check: LazyData
Result: NOTE
     'LazyData' is specified without a 'data' directory
Flavors: r-devel-linux-x86_64-debian-clang, r-devel-linux-x86_64-debian-gcc, r-devel-linux-x86_64-fedora-clang, r-devel-linux-x86_64-fedora-gcc, r-devel-windows-x86_64-new-UL, r-devel-windows-x86_64-new-TK, r-patched-linux-x86_64, r-release-linux-x86_64, r-release-macos-arm64, r-release-macos-x86_64, r-release-windows-ix86+x86_64