CRAN Package Check Results for Package kosel

Last updated on 2022-07-01 02:54:20 CEST.

Flavor Version Tinstall Tcheck Ttotal Status Flags
r-devel-linux-x86_64-debian-clang 0.0.1 8.74 73.34 82.08 NOTE
r-devel-linux-x86_64-debian-gcc 0.0.1 7.31 55.40 62.71 NOTE
r-devel-linux-x86_64-fedora-clang 0.0.1 106.59 NOTE
r-devel-linux-x86_64-fedora-gcc 0.0.1 107.93 NOTE
r-devel-windows-x86_64 0.0.1 12.00 92.00 104.00 NOTE
r-patched-linux-x86_64 0.0.1 8.09 70.56 78.65 NOTE
r-release-linux-x86_64 0.0.1 8.36 70.32 78.68 NOTE
r-release-macos-arm64 0.0.1 29.00 NOTE
r-release-macos-x86_64 0.0.1 44.00 NOTE
r-release-windows-x86_64 0.0.1 12.00 92.00 104.00 NOTE
r-oldrel-macos-arm64 0.0.1 35.00 NOTE
r-oldrel-macos-x86_64 0.0.1 47.00 NOTE
r-oldrel-windows-ix86+x86_64 0.0.1 18.00 87.00 105.00 NOTE

Check Details

Version: 0.0.1
Check: LazyData
Result: NOTE
     'LazyData' is specified without a 'data' directory
Flavors: r-devel-linux-x86_64-debian-clang, r-devel-linux-x86_64-debian-gcc, r-devel-linux-x86_64-fedora-clang, r-devel-linux-x86_64-fedora-gcc, r-devel-windows-x86_64, r-patched-linux-x86_64, r-release-linux-x86_64, r-release-macos-arm64, r-release-macos-x86_64, r-release-windows-x86_64, r-oldrel-macos-arm64, r-oldrel-macos-x86_64, r-oldrel-windows-ix86+x86_64