CRAN Package Check Results for Package kokudosuuchi

Last updated on 2022-01-27 19:51:03 CET.

Flavor Version Tinstall Tcheck Ttotal Status Flags
r-devel-linux-x86_64-debian-clang 1.0.0 3.33 37.60 40.93 NOTE
r-devel-linux-x86_64-debian-gcc 1.0.0 2.77 29.18 31.95 NOTE
r-devel-linux-x86_64-fedora-clang 1.0.0 49.90 NOTE
r-devel-linux-x86_64-fedora-gcc 1.0.0 38.70 NOTE
r-devel-windows-x86_64-new-UL 1.0.0 46.00 54.00 100.00 NOTE
r-devel-windows-x86_64-new-TK 1.0.0 NOTE
r-patched-linux-x86_64 1.0.0 3.14 35.94 39.08 NOTE
r-release-linux-x86_64 1.0.0 2.87 35.92 38.79 NOTE
r-release-macos-arm64 1.0.0 NOTE
r-release-macos-x86_64 1.0.0 NOTE
r-release-windows-ix86+x86_64 1.0.0 7.00 45.00 52.00 NOTE
r-oldrel-macos-x86_64 1.0.0 OK
r-oldrel-windows-ix86+x86_64 1.0.0 7.00 44.00 51.00 OK

Check Details

Version: 1.0.0
Check: LazyData
Result: NOTE
     'LazyData' is specified without a 'data' directory
Flavors: r-devel-linux-x86_64-debian-clang, r-devel-linux-x86_64-debian-gcc, r-devel-linux-x86_64-fedora-clang, r-devel-linux-x86_64-fedora-gcc, r-devel-windows-x86_64-new-UL, r-devel-windows-x86_64-new-TK, r-patched-linux-x86_64, r-release-linux-x86_64, r-release-macos-arm64, r-release-macos-x86_64, r-release-windows-ix86+x86_64