CRAN Package Check Results for Package koRpus

Last updated on 2019-07-15 22:55:06 CEST.

Flavor Version Tinstall Tcheck Ttotal Status Flags
r-devel-linux-x86_64-debian-clang 0.11-5 14.35 97.92 112.27 NOTE
r-devel-linux-x86_64-debian-gcc 0.11-5 12.04 76.00 88.04 NOTE
r-devel-linux-x86_64-fedora-clang 0.11-5 130.64 NOTE
r-devel-linux-x86_64-fedora-gcc 0.11-5 129.02 NOTE
r-devel-windows-ix86+x86_64 0.11-5 32.00 111.00 143.00 NOTE
r-patched-linux-x86_64 0.11-5 14.90 97.53 112.43 NOTE
r-patched-solaris-x86 0.11-5 174.60 NOTE
r-release-linux-x86_64 0.11-5 15.51 96.68 112.19 NOTE
r-release-windows-ix86+x86_64 0.11-5 25.00 163.00 188.00 NOTE
r-release-osx-x86_64 0.11-5 NOTE
r-oldrel-windows-ix86+x86_64 0.11-5 26.00 131.00 157.00 NOTE
r-oldrel-osx-x86_64 0.11-5 NOTE

Check Details

Version: 0.11-5
Check: package dependencies
Result: NOTE
    Packages suggested but not available for checking:
     'koRpus.lang.de', 'koRpus.lang.es', 'koRpus.lang.fr',
     'koRpus.lang.it', 'koRpus.lang.ru'
    
    Package which this enhances but not available for checking: 'rkward'
Flavors: r-devel-linux-x86_64-debian-clang, r-devel-linux-x86_64-debian-gcc, r-devel-linux-x86_64-fedora-clang, r-devel-linux-x86_64-fedora-gcc, r-devel-windows-ix86+x86_64, r-patched-linux-x86_64, r-patched-solaris-x86, r-release-linux-x86_64, r-release-windows-ix86+x86_64, r-release-osx-x86_64

Version: 0.11-5
Check: package dependencies
Result: NOTE
    Packages suggested but not available for checking:
     'koRpus.lang.de' 'koRpus.lang.es' 'koRpus.lang.fr' 'koRpus.lang.it'
     'koRpus.lang.ru'
    
    Package which this enhances but not available for checking: 'rkward'
Flavors: r-oldrel-windows-ix86+x86_64, r-oldrel-osx-x86_64