CRAN Package Check Results for Package koRpus

Last updated on 2019-04-24 14:47:30 CEST.

Flavor Version Tinstall Tcheck Ttotal Status Flags
r-devel-linux-x86_64-debian-clang 0.11-5 13.78 98.43 112.21 NOTE
r-devel-linux-x86_64-debian-gcc 0.11-5 14.02 75.59 89.61 NOTE
r-devel-linux-x86_64-fedora-clang 0.11-5 129.62 NOTE
r-devel-linux-x86_64-fedora-gcc 0.11-5 128.62 NOTE
r-devel-windows-ix86+x86_64 0.11-5 29.00 113.00 142.00 NOTE
r-patched-linux-x86_64 0.11-5 16.53 98.11 114.64 NOTE
r-patched-solaris-x86 0.11-5 159.20 NOTE
r-release-linux-x86_64 0.11-5 13.91 106.99 120.90 NOTE
r-release-windows-ix86+x86_64 0.11-5 19.00 160.00 179.00 NOTE
r-release-osx-x86_64 0.11-5 NOTE
r-oldrel-windows-ix86+x86_64 0.11-5 11.00 124.00 135.00 NOTE
r-oldrel-osx-x86_64 0.11-5 NOTE

Check Details

Version: 0.11-5
Check: package dependencies
Result: NOTE
    Packages suggested but not available for checking:
     'koRpus.lang.de', 'koRpus.lang.es', 'koRpus.lang.fr',
     'koRpus.lang.it', 'koRpus.lang.ru'
    
    Package which this enhances but not available for checking: 'rkward'
Flavors: r-devel-linux-x86_64-debian-clang, r-devel-linux-x86_64-debian-gcc, r-devel-linux-x86_64-fedora-clang, r-devel-linux-x86_64-fedora-gcc, r-devel-windows-ix86+x86_64, r-patched-linux-x86_64, r-patched-solaris-x86

Version: 0.11-5
Check: package dependencies
Result: NOTE
    Packages suggested but not available for checking:
     ‘koRpus.lang.de’ ‘koRpus.lang.es’ ‘koRpus.lang.fr’ ‘koRpus.lang.it’
     ‘koRpus.lang.ru’
    
    Package which this enhances but not available for checking: ‘rkward’
Flavors: r-release-linux-x86_64, r-release-windows-ix86+x86_64, r-release-osx-x86_64, r-oldrel-windows-ix86+x86_64, r-oldrel-osx-x86_64