CRAN Package Check Results for Package knitrdata

Last updated on 2020-10-27 18:51:25 CET.

Flavor Version Tinstall Tcheck Ttotal Status Flags
r-devel-linux-x86_64-debian-clang 0.5.2 2.89 40.37 43.26 OK
r-devel-linux-x86_64-debian-gcc 0.5.2 2.27 31.68 33.95 OK
r-devel-linux-x86_64-fedora-clang 0.5.2 61.20 OK
r-devel-linux-x86_64-fedora-gcc 0.5.2 51.46 OK
r-devel-windows-ix86+x86_64 0.5.2 6.00 62.00 68.00 OK
r-patched-linux-x86_64 0.5.2 OK
r-patched-solaris-x86 0.5.2 62.20 NOTE
r-release-linux-x86_64 0.5.2 2.88 38.67 41.55 OK
r-release-macos-x86_64 0.5.2 WARN
r-release-windows-ix86+x86_64 0.5.1 4.00 51.00 55.00 OK
r-oldrel-macos-x86_64 0.5.2 WARN
r-oldrel-windows-ix86+x86_64 0.5.2 3.00 49.00 52.00 OK

Check Details

Version: 0.5.2
Check: package dependencies
Result: NOTE
    Package suggested but not available for checking: ‘gpg’
Flavor: r-patched-solaris-x86

Version: 0.5.2
Check: re-building of vignette outputs
Result: WARN
    Error(s) in re-building vignettes:
     ...
    --- re-building ‘data_language_engine_vignette.Rmd’ using rmarkdown_notangle
    Warning in engine$weave(file, quiet = quiet, encoding = enc) :
     Pandoc (>= 1.12.3) and/or pandoc-citeproc not available. Falling back to R Markdown v1.
    Loading required namespace: gpg
    Quitting from lines 128-129 (data_language_engine_vignette.Rmd)
    Error: processing vignette 'data_language_engine_vignette.Rmd' failed with diagnostics:
    object 'params' not found
    --- failed re-building ‘data_language_engine_vignette.Rmd’
    
    SUMMARY: processing the following file failed:
     ‘data_language_engine_vignette.Rmd’
    
    Error: Vignette re-building failed.
    Execution halted
Flavors: r-release-macos-x86_64, r-oldrel-macos-x86_64