CRAN Package Check Results for Package knitrProgressBar

Last updated on 2019-09-21 19:46:57 CEST.

Flavor Version Tinstall Tcheck Ttotal Status Flags
r-devel-linux-x86_64-debian-clang 1.1.0 4.43 24.82 29.25 NOTE
r-devel-linux-x86_64-debian-gcc 1.1.0 3.57 20.29 23.86 NOTE
r-devel-linux-x86_64-fedora-clang 1.1.0 36.43 NOTE
r-devel-linux-x86_64-fedora-gcc 1.1.0 35.64 NOTE
r-devel-windows-ix86+x86_64 1.1.0 10.00 47.00 57.00 OK
r-patched-linux-x86_64 1.1.0 4.09 24.61 28.70 OK
r-patched-solaris-x86 1.1.0 53.60 OK
r-release-linux-x86_64 1.1.0 4.38 24.77 29.15 OK
r-release-windows-ix86+x86_64 1.1.0 7.00 42.00 49.00 OK
r-release-osx-x86_64 1.1.0 OK
r-oldrel-windows-ix86+x86_64 1.1.0 5.00 42.00 47.00 OK
r-oldrel-osx-x86_64 1.1.0 OK

Check Details

Version: 1.1.0
Check: for non-standard things in the check directory
Result: NOTE
    Found the following files/directories:
     'Killed after '
Flavors: r-devel-linux-x86_64-debian-clang, r-devel-linux-x86_64-debian-gcc, r-devel-linux-x86_64-fedora-clang, r-devel-linux-x86_64-fedora-gcc