CRAN Package Check Results for Package knitrProgressBar

Last updated on 2020-06-01 06:48:28 CEST.

Flavor Version Tinstall Tcheck Ttotal Status Flags
r-devel-linux-x86_64-debian-clang 1.1.0 4.77 28.65 33.42 NOTE
r-devel-linux-x86_64-debian-gcc 1.1.0 3.02 22.77 25.79 NOTE
r-devel-linux-x86_64-fedora-clang 1.1.0 48.66 NOTE
r-devel-linux-x86_64-fedora-gcc 1.1.0 40.24 NOTE
r-devel-windows-ix86+x86_64 1.1.0 12.00 61.00 73.00 OK
r-patched-linux-x86_64 1.1.0 4.76 28.70 33.46 NOTE
r-patched-solaris-x86 1.1.0 59.90 NOTE
r-release-linux-x86_64 1.1.0 3.96 28.89 32.85 NOTE
r-release-osx-x86_64 1.1.0 OK
r-release-windows-ix86+x86_64 1.1.0 9.00 94.00 103.00 OK
r-oldrel-osx-x86_64 1.1.0 OK
r-oldrel-windows-ix86+x86_64 1.1.0 9.00 46.00 55.00 OK

Check Details

Version: 1.1.0
Check: for non-standard things in the check directory
Result: NOTE
    Found the following files/directories:
     'Killed after '
Flavors: r-devel-linux-x86_64-debian-clang, r-devel-linux-x86_64-debian-gcc, r-devel-linux-x86_64-fedora-clang, r-devel-linux-x86_64-fedora-gcc, r-patched-linux-x86_64, r-patched-solaris-x86, r-release-linux-x86_64