CRAN Package Check Results for Package knitr

Last updated on 2020-07-03 18:47:03 CEST.

Flavor Version Tinstall Tcheck Ttotal Status Flags
r-devel-linux-x86_64-debian-clang 1.29 10.93 85.39 96.32 NOTE
r-devel-linux-x86_64-debian-gcc 1.29 9.37 66.17 75.54 NOTE
r-devel-linux-x86_64-fedora-clang 1.29 68.32 OK
r-devel-linux-x86_64-fedora-gcc 1.29 69.72 OK
r-devel-windows-ix86+x86_64 1.29 25.00 129.00 154.00 OK
r-patched-linux-x86_64 1.29 10.96 85.06 96.02 OK
r-patched-solaris-x86 1.29 146.10 ERROR
r-release-linux-x86_64 1.29 13.30 85.15 98.45 OK
r-release-osx-x86_64 1.29 OK
r-release-windows-ix86+x86_64 1.29 28.00 152.00 180.00 OK
r-oldrel-osx-x86_64 1.29 OK
r-oldrel-windows-ix86+x86_64 1.29 26.00 157.00 183.00 OK

Check Details

Version: 1.29
Check: package dependencies
Result: NOTE
    Package suggested but not available for checking: 'ragg'
Flavors: r-devel-linux-x86_64-debian-clang, r-devel-linux-x86_64-debian-gcc

Version: 1.29
Check: package dependencies
Result: NOTE
    Package suggested but not available for checking: ‘gifski’
Flavor: r-patched-solaris-x86

Version: 1.29
Check: tests
Result: ERROR
     Running ‘run-all.R’ [17s/19s]
    Running the tests in ‘tests/run-all.R’ failed.
    Complete output:
     > library(testit)
     > test_pkg("knitr")
     Quitting from lines 4-5 (knit-tikzDevice.Rnw)
     Error from list.files(file.path(dir, "bin"), full.names = TRUE)
     Error in switch(os_index, win_app_dir("TinyTeX"), "~/.TinyTeX", "~/Library/TinyTeX") :
     EXPR must be a length 1 vector
     Calls: test_pkg ... file.path -> list.files -> file.path -> default_inst
     In addition: Warning messages:
     1: In write_bib(pkgs, tempfile(), tweak = FALSE) :
     package(s) KernSmooth, MASS, boot, class, cluster, foreign, mgcv, nlme, nnet, rpart, spatial, survival not found
     2: In write_bib(pkgs, tweak = TRUE) :
     package(s) KernSmooth, MASS, boot, class, cluster, foreign, mgcv, nlme, nnet, rpart, spatial, survival not found
     Execution halted
Flavor: r-patched-solaris-x86