CRAN Package Check Results for Package knitcitations

Last updated on 2019-06-16 13:46:34 CEST.

Flavor Version Tinstall Tcheck Ttotal Status Flags
r-devel-linux-x86_64-debian-clang 1.0.8 3.19 39.61 42.80 NOTE
r-devel-linux-x86_64-debian-gcc 1.0.8 3.01 32.02 35.03 NOTE
r-devel-linux-x86_64-fedora-clang 1.0.8 52.33 NOTE
r-devel-linux-x86_64-fedora-gcc 1.0.8 50.22 NOTE
r-devel-windows-ix86+x86_64 1.0.8 11.00 85.00 96.00 OK
r-patched-linux-x86_64 1.0.8 3.49 40.02 43.51 OK
r-patched-solaris-x86 1.0.8 84.00 OK
r-release-linux-x86_64 1.0.8 3.84 39.45 43.29 OK
r-release-windows-ix86+x86_64 1.0.8 9.00 72.00 81.00 OK
r-release-osx-x86_64 1.0.8 OK
r-oldrel-windows-ix86+x86_64 1.0.8 4.00 77.00 81.00 OK
r-oldrel-osx-x86_64 1.0.8 OK

Check Details

Version: 1.0.8
Check: for non-standard things in the check directory
Result: NOTE
    Found the following files/directories:
     'knitcitations.bib'
Flavors: r-devel-linux-x86_64-debian-clang, r-devel-linux-x86_64-debian-gcc, r-devel-linux-x86_64-fedora-clang, r-devel-linux-x86_64-fedora-gcc