CRAN Package Check Results for Package kmcudaR

Last updated on 2020-04-04 03:51:22 CEST.

Flavor Version Tinstall Tcheck Ttotal Status Flags
r-devel-linux-x86_64-debian-clang 1.1.0 2.51 23.65 26.16 OK --no-examples --no-tests --no-vignettes
r-devel-linux-x86_64-debian-gcc 1.1.0 1.85 18.77 20.62 OK --no-examples --no-tests --no-vignettes
r-patched-linux-x86_64 1.1.0 1.91 23.26 25.17 OK --no-examples --no-tests --no-vignettes
r-release-linux-x86_64 1.1.0 1.94 21.63 23.57 OK --no-examples --no-tests --no-vignettes
r-release-osx-x86_64 1.1.0 ERROR
r-oldrel-osx-x86_64 1.1.0 ERROR

Check Details

Version: 1.1.0
Check: whether package can be installed
Result: ERROR
    Installation failed.
Flavors: r-release-osx-x86_64, r-oldrel-osx-x86_64