CRAN Package Check Results for Package klustR

Last updated on 2022-05-22 19:50:27 CEST.

Flavor Version Tinstall Tcheck Ttotal Status Flags
r-devel-linux-x86_64-debian-clang 0.1.0 3.24 37.19 40.43 NOTE
r-devel-linux-x86_64-debian-gcc 0.1.0 2.02 28.68 30.70 NOTE
r-devel-linux-x86_64-fedora-clang 0.1.0 47.49 NOTE
r-devel-linux-x86_64-fedora-gcc 0.1.0 46.22 NOTE
r-devel-windows-x86_64 0.1.0 11.00 51.00 62.00 NOTE
r-patched-linux-x86_64 0.1.0 2.66 35.76 38.42 NOTE
r-release-linux-x86_64 0.1.0 2.80 35.39 38.19 NOTE
r-release-macos-arm64 0.1.0 16.00 NOTE
r-release-macos-x86_64 0.1.0 22.00 NOTE
r-release-windows-x86_64 0.1.0 15.00 52.00 67.00 NOTE
r-oldrel-macos-arm64 0.1.0 19.00 NOTE
r-oldrel-macos-x86_64 0.1.0 27.00 NOTE
r-oldrel-windows-ix86+x86_64 0.1.0 8.00 44.00 52.00 NOTE

Check Details

Version: 0.1.0
Check: LazyData
Result: NOTE
     'LazyData' is specified without a 'data' directory
Flavors: r-devel-linux-x86_64-debian-clang, r-devel-linux-x86_64-debian-gcc, r-devel-linux-x86_64-fedora-clang, r-devel-linux-x86_64-fedora-gcc, r-devel-windows-x86_64, r-patched-linux-x86_64, r-release-linux-x86_64, r-release-macos-arm64, r-release-macos-x86_64, r-release-windows-x86_64, r-oldrel-macos-arm64, r-oldrel-macos-x86_64, r-oldrel-windows-ix86+x86_64