CRAN Package Check Results for Package klsh

Last updated on 2022-12-02 05:00:08 CET.

Flavor Version Tinstall Tcheck Ttotal Status Flags
r-devel-linux-x86_64-debian-clang 0.1.0 2.51 238.97 241.48 NOTE
r-devel-linux-x86_64-debian-gcc 0.1.0 2.03 167.23 169.26 NOTE
r-devel-linux-x86_64-fedora-clang 0.1.0 285.61 NOTE
r-devel-linux-x86_64-fedora-gcc 0.1.0 301.41 NOTE
r-devel-windows-x86_64 0.1.0 11.00 271.00 282.00 NOTE
r-patched-linux-x86_64 0.1.0 3.11 220.68 223.79 NOTE
r-release-linux-x86_64 0.1.0 2.77 218.93 221.70 NOTE
r-release-macos-arm64 0.1.0 74.00 NOTE
r-release-macos-x86_64 0.1.0 110.00 NOTE
r-release-windows-x86_64 0.1.0 13.00 280.00 293.00 NOTE
r-oldrel-macos-arm64 0.1.0 103.00 NOTE
r-oldrel-macos-x86_64 0.1.0 158.00 NOTE
r-oldrel-windows-ix86+x86_64 0.1.0 8.00 265.00 273.00 NOTE

Check Details

Version: 0.1.0
Check: LazyData
Result: NOTE
     'LazyData' is specified without a 'data' directory
Flavors: r-devel-linux-x86_64-debian-clang, r-devel-linux-x86_64-debian-gcc, r-devel-linux-x86_64-fedora-clang, r-devel-linux-x86_64-fedora-gcc, r-devel-windows-x86_64, r-patched-linux-x86_64, r-release-linux-x86_64, r-release-macos-arm64, r-release-macos-x86_64, r-release-windows-x86_64, r-oldrel-macos-arm64, r-oldrel-macos-x86_64, r-oldrel-windows-ix86+x86_64

Version: 0.1.0
Check: dependencies in R code
Result: NOTE
    Namespaces in Imports field not imported from:
     ‘Rcpp’ ‘SnowballC’ ‘stringi’
     All declared Imports should be used.
Flavors: r-devel-linux-x86_64-fedora-clang, r-devel-linux-x86_64-fedora-gcc, r-release-macos-arm64, r-release-macos-x86_64, r-oldrel-macos-arm64, r-oldrel-macos-x86_64