CRAN Package Check Results for Package kiwisR

Last updated on 2020-08-13 06:47:32 CEST.

Flavor Version Tinstall Tcheck Ttotal Status Flags
r-devel-linux-x86_64-debian-clang 0.2.0 2.31 28.79 31.10 ERROR
r-devel-linux-x86_64-debian-gcc 0.2.0 1.95 22.19 24.14 OK
r-devel-linux-x86_64-fedora-clang 0.2.0 43.62 OK
r-devel-linux-x86_64-fedora-gcc 0.2.0 33.78 OK
r-devel-windows-ix86+x86_64 0.2.0 7.00 92.00 99.00 OK
r-patched-linux-x86_64 0.2.0 2.20 28.57 30.77 OK
r-patched-solaris-x86 0.2.0 49.70 OK
r-release-linux-x86_64 0.2.0 1.85 28.58 30.43 OK
r-release-macos-x86_64 0.2.0 OK
r-release-windows-ix86+x86_64 0.2.0 11.00 94.00 105.00 OK
r-oldrel-macos-x86_64 0.2.0 OK
r-oldrel-windows-ix86+x86_64 0.2.0 5.00 80.00 85.00 ERROR

Check Details

Version: 0.2.0
Check: tests
Result: ERROR
     Running 'testthat.R' [9s/54s]
    Running the tests in 'tests/testthat.R' failed.
    Complete output:
     > library(testthat)
     > library(kiwisR)
     >
     > test_check("kiwisR")
     -- 1. Failure: ki_station_list accepts custom return fields (vector or string) (
     `stn_cust_retr` not equal to `stn_cust_retr2`.
     Component "station_id": 95 string mismatches
     Component "station_no": 95 string mismatches
    
     == testthat results ===========================================================
     [ OK: 54 | SKIPPED: 0 | WARNINGS: 0 | FAILED: 1 ]
     1. Failure: ki_station_list accepts custom return fields (vector or string) (@test_ki_station_list.R#71)
    
     Error: testthat unit tests failed
     Execution halted
Flavor: r-devel-linux-x86_64-debian-clang

Version: 0.2.0
Check: tests
Result: ERROR
     Running 'testthat.R' [55s]
    Running the tests in 'tests/testthat.R' failed.
    Complete output:
     > library(testthat)
     > library(kiwisR)
     >
     > test_check("kiwisR")
     -- 1. Failure: ki_station_list accepts custom return fields (vector or string) (
     `stn_cust_retr` not equal to `stn_cust_retr2`.
     Component "station_id": 95 string mismatches
     Component "station_no": 95 string mismatches
    
     == testthat results ===========================================================
     [ OK: 54 | SKIPPED: 0 | WARNINGS: 0 | FAILED: 1 ]
     1. Failure: ki_station_list accepts custom return fields (vector or string) (@test_ki_station_list.R#71)
    
     Error: testthat unit tests failed
     Execution halted
Flavor: r-oldrel-windows-ix86+x86_64