Last updated on 2023-12-11 05:51:57 CET.
Flavor | Version | Tinstall | Tcheck | Ttotal | Status | Flags |
---|---|---|---|---|---|---|
r-devel-linux-x86_64-debian-clang | 1.0-4 | 27.65 | 261.02 | 288.67 | NOTE | |
r-devel-linux-x86_64-debian-gcc | 1.0-4 | 22.46 | 195.70 | 218.16 | NOTE | |
r-devel-linux-x86_64-fedora-clang | 1.0-4 | 368.19 | OK | |||
r-devel-linux-x86_64-fedora-gcc | 1.0-4 | 359.03 | OK | |||
r-devel-windows-x86_64 | 1.0-4 | 25.00 | 171.00 | 196.00 | OK | |
r-patched-linux-x86_64 | 1.0-4 | 28.71 | 260.21 | 288.92 | OK | |
r-release-linux-x86_64 | 1.0-4 | 30.72 | 254.79 | 285.51 | OK | |
r-release-macos-arm64 | 1.0-4 | 83.00 | OK | |||
r-release-macos-x86_64 | 1.0-4 | 158.00 | OK | |||
r-release-windows-x86_64 | 1.0-4 | 35.00 | 215.00 | 250.00 | OK | |
r-oldrel-macos-arm64 | 1.0-4 | 78.00 | OK | |||
r-oldrel-macos-x86_64 | 1.0-4 | 98.00 | OK | |||
r-oldrel-windows-x86_64 | 1.0-4 | 33.00 | 216.00 | 249.00 | OK |
Version: 1.0-4
Check: Rd files
Result: NOTE
checkRd: (-1) kissmig.Rd:32: Lost braces
32 | migration in species distribution models (\doi{10.1111/ecog.00930}{Nobis and Normand 2014}).
| ^
checkRd: (-1) kissmig.Rd:86: Lost braces
86 | \item{\doi{10.1111/ecog.00930}{Nobis MP and Normand S (2014)} KISSMig - a simple model for R to account for
| ^
Flavors: r-devel-linux-x86_64-debian-clang, r-devel-linux-x86_64-debian-gcc