CRAN Package Check Results for Package kirby21.fmri

Last updated on 2024-07-24 16:53:51 CEST.

Flavor Version Tinstall Tcheck Ttotal Status Flags
r-devel-linux-x86_64-debian-clang 1.7.0 1.96 21.98 23.94 OK
r-devel-linux-x86_64-debian-gcc 1.7.0 1.65 16.82 18.47 NOTE
r-devel-linux-x86_64-fedora-clang 1.7.0 31.92 OK
r-devel-linux-x86_64-fedora-gcc 1.7.0 41.85 OK
r-devel-windows-x86_64 1.7.0 3.00 39.00 42.00 NOTE
r-patched-linux-x86_64 1.7.0 4.10 20.79 24.89 OK
r-release-linux-x86_64 1.7.0 1.88 21.23 23.11 OK
r-release-macos-arm64 1.7.0 20.00 OK
r-release-macos-x86_64 1.7.0 27.00 OK
r-release-windows-x86_64 1.7.0 3.00 38.00 41.00 OK
r-oldrel-macos-arm64 1.7.0 20.00 OK
r-oldrel-macos-x86_64 1.7.0 29.00 OK
r-oldrel-windows-x86_64 1.7.0 3.00 40.00 43.00 OK

Check Details

Version: 1.7.0
Check: Rd cross-references
Result: NOTE Found the following Rd file(s) with Rd \link{} targets missing package anchors: delete_fmri_data.Rd: delete_kirby21_data download_fmri_data.Rd: download_kirby21_data get_fmri_filenames.Rd: get_image_filenames Please provide package anchors for all Rd \link{} targets not in the package itself and the base packages. Flavors: r-devel-linux-x86_64-debian-gcc, r-devel-windows-x86_64