Last updated on 2023-12-10 07:49:42 CET.
Flavor | Version | Tinstall | Tcheck | Ttotal | Status | Flags |
---|---|---|---|---|---|---|
r-devel-linux-x86_64-debian-clang | 1.3.1 | 11.00 | 34.71 | 45.71 | WARN | |
r-devel-linux-x86_64-debian-gcc | 1.3.1 | 7.48 | 26.74 | 34.22 | NOTE | |
r-devel-linux-x86_64-fedora-clang | 1.3.1 | 60.73 | WARN | |||
r-devel-linux-x86_64-fedora-gcc | 1.3.1 | 68.65 | NOTE | |||
r-devel-windows-x86_64 | 1.3.1 | 22.00 | 58.00 | 80.00 | NOTE | |
r-patched-linux-x86_64 | 1.3.1 | 10.58 | 34.21 | 44.79 | OK | |
r-release-linux-x86_64 | 1.3.1 | 12.43 | 34.12 | 46.55 | OK | |
r-release-macos-arm64 | 1.3.1 | 28.00 | OK | |||
r-release-macos-x86_64 | 1.3.1 | 43.00 | OK | |||
r-release-windows-x86_64 | 1.3.1 | 26.00 | 57.00 | 83.00 | OK | |
r-oldrel-macos-arm64 | 1.3.1 | 29.00 | OK | |||
r-oldrel-macos-x86_64 | 1.3.1 | 47.00 | OK | |||
r-oldrel-windows-x86_64 | 1.3.1 | 15.00 | 55.00 | 70.00 | OK |
Version: 1.3.1
Check: whether package can be installed
Result: WARN
Found the following significant warnings:
keyring_secret_service.c:188:23: warning: format string is not a string literal (potentially insecure) [-Wformat-security]
keyring_secret_service.c:351:23: warning: format string is not a string literal (potentially insecure) [-Wformat-security]
See ‘/home/hornik/tmp/R.check/r-devel-clang/Work/PKGS/keyring.Rcheck/00install.out’ for details.
* used C compiler: ‘Debian clang version 17.0.5 (1)’
Flavor: r-devel-linux-x86_64-debian-clang
Version: 1.3.1
Check: Rd \usage sections
Result: NOTE
Documented arguments not in \usage in Rd file 'b_wincred_get.Rd':
‘backend’
Functions with \usage entries need to have the appropriate \alias
entries, and all their arguments documented.
The \usage entries must correspond to syntactically valid R code.
See chapter ‘Writing R documentation files’ in the ‘Writing R
Extensions’ manual.
Flavors: r-devel-linux-x86_64-debian-clang, r-devel-linux-x86_64-debian-gcc, r-devel-linux-x86_64-fedora-clang, r-devel-linux-x86_64-fedora-gcc, r-devel-windows-x86_64
Version: 1.3.1
Check: whether package can be installed
Result: WARN
Found the following significant warnings:
keyring_secret_service.c:188:23: warning: format string is not a string literal (potentially insecure) [-Wformat-security]
keyring_secret_service.c:351:23: warning: format string is not a string literal (potentially insecure) [-Wformat-security]
See ‘/data/gannet/ripley/R/packages/tests-clang/keyring.Rcheck/00install.out’ for details.
* used C compiler: ‘clang version 17.0.5’
Flavor: r-devel-linux-x86_64-fedora-clang