CRAN Package Check Results for Package keyATM

Last updated on 2023-01-28 15:50:30 CET.

Flavor Version Tinstall Tcheck Ttotal Status Flags
r-devel-linux-x86_64-debian-clang 0.4.2 227.07 193.46 420.53 OK
r-devel-linux-x86_64-debian-gcc 0.4.2 187.23 133.40 320.63 NOTE
r-devel-linux-x86_64-fedora-clang 0.4.2 644.05 OK
r-devel-linux-x86_64-fedora-gcc 0.4.2 591.85 NOTE
r-devel-windows-x86_64 0.4.2 197.00 220.00 417.00 OK
r-patched-linux-x86_64 0.4.2 198.96 182.95 381.91 OK
r-release-linux-x86_64 0.4.2 196.91 182.30 379.21 OK
r-release-macos-arm64 0.4.2 151.00 NOTE
r-release-macos-x86_64 0.4.2 173.00 NOTE
r-release-windows-x86_64 0.4.2 402.00 234.00 636.00 OK
r-oldrel-macos-arm64 0.4.2 147.00 NOTE
r-oldrel-macos-x86_64 0.4.2 175.00 NOTE
r-oldrel-windows-ix86+x86_64 0.4.2 566.00 368.00 934.00 OK

Check Details

Version: 0.4.2
Check: C++ specification
Result: NOTE
     Specified C++11: please update to current default of C++17
Flavors: r-devel-linux-x86_64-debian-gcc, r-devel-linux-x86_64-fedora-gcc

Version: 0.4.2
Check: installed package size
Result: NOTE
     installed size is 12.0Mb
     sub-directories of 1Mb or more:
     libs 11.6Mb
Flavors: r-release-macos-arm64, r-release-macos-x86_64, r-oldrel-macos-arm64, r-oldrel-macos-x86_64