Last updated on 2023-02-02 08:52:36 CET.
Flavor | Version | Tinstall | Tcheck | Ttotal | Status | Flags |
---|---|---|---|---|---|---|
r-devel-linux-x86_64-debian-clang | 0.9-31 | 52.96 | 172.70 | 225.66 | NOTE | |
r-devel-linux-x86_64-debian-gcc | 0.9-32 | 36.51 | 139.46 | 175.97 | OK | |
r-devel-linux-x86_64-fedora-clang | 0.9-32 | 350.50 | OK | |||
r-devel-linux-x86_64-fedora-gcc | 0.9-32 | 340.37 | OK | |||
r-devel-windows-x86_64 | 0.9-32 | 125.00 | 254.00 | 379.00 | OK | |
r-patched-linux-x86_64 | 0.9-31 | 50.30 | 173.84 | 224.14 | OK | |
r-release-linux-x86_64 | 0.9-31 | 49.25 | 157.08 | 206.33 | OK | |
r-release-macos-arm64 | 0.9-32 | 87.00 | OK | |||
r-release-macos-x86_64 | 0.9-31 | 123.00 | OK | |||
r-release-windows-x86_64 | 0.9-31 | 147.00 | 236.00 | 383.00 | OK | |
r-oldrel-macos-arm64 | 0.9-32 | 87.00 | OK | |||
r-oldrel-macos-x86_64 | 0.9-31 | 126.00 | OK | |||
r-oldrel-windows-ix86+x86_64 | 0.9-31 | 116.00 | 288.00 | 404.00 | OK |
Version: 0.9-31
Check: C++ specification
Result: NOTE
Specified C++11: please update to current default of C++17
Flavor: r-devel-linux-x86_64-debian-clang