CRAN Package Check Results for Package kerastuneR

Last updated on 2020-07-08 12:49:09 CEST.

Flavor Version Tinstall Tcheck Ttotal Status Flags
r-devel-linux-x86_64-debian-clang 0.1.0.2 11.72 97.80 109.52 OK
r-devel-linux-x86_64-debian-gcc 0.1.0.2 10.04 77.27 87.31 OK
r-devel-linux-x86_64-fedora-clang 0.1.0.2 143.74 NOTE
r-devel-linux-x86_64-fedora-gcc 0.1.0.2 133.67 NOTE
r-devel-windows-ix86+x86_64 0.1.0.2 31.00 127.00 158.00 OK
r-patched-linux-x86_64 0.1.0.2 11.49 95.17 106.66 OK
r-patched-solaris-x86 0.1.0.2 196.50 NOTE
r-release-linux-x86_64 0.1.0.2 10.81 97.89 108.70 OK
r-release-osx-x86_64 0.1.0.2 NOTE
r-release-windows-ix86+x86_64 0.1.0.2 27.00 118.00 145.00 OK
r-oldrel-osx-x86_64 0.1.0.2 NOTE
r-oldrel-windows-ix86+x86_64 0.1.0.2 31.00 175.00 206.00 OK

Check Details

Version: 0.1.0.2
Check: dependencies in R code
Result: NOTE
    Namespace in Imports field not imported from: ‘keras’
     All declared Imports should be used.
Flavors: r-devel-linux-x86_64-fedora-clang, r-devel-linux-x86_64-fedora-gcc, r-patched-solaris-x86, r-release-osx-x86_64, r-oldrel-osx-x86_64