CRAN Package Check Results for Package keras3

Last updated on 2024-04-24 07:57:43 CEST.

Flavor Version Tinstall Tcheck Ttotal Status Flags
r-devel-linux-x86_64-debian-clang 0.2.0 44.62 799.49 844.11 OK
r-devel-linux-x86_64-debian-gcc 0.2.0 40.09 578.76 618.85 OK
r-devel-linux-x86_64-fedora-clang 0.2.0 1015.87 NOTE
r-devel-linux-x86_64-fedora-gcc 0.2.0 1043.50 OK
r-prerel-macos-arm64 0.2.0 232.00 NOTE
r-prerel-macos-x86_64 0.2.0 678.00 NOTE
r-prerel-windows-x86_64 0.2.0 43.00 587.00 630.00 NOTE
r-patched-linux-x86_64 0.1.0 175.49 698.45 873.94 OK
r-release-linux-x86_64 0.2.0 45.96 757.71 803.67 OK
r-release-macos-arm64 0.2.0 242.00 NOTE
r-release-macos-x86_64 0.2.0 475.00 NOTE
r-release-windows-x86_64 0.2.0 48.00 714.00 762.00 NOTE
r-oldrel-macos-arm64 0.2.0 222.00 NOTE
r-oldrel-windows-x86_64 0.2.0 44.00 413.00 457.00 NOTE

Check Details

Version: 0.2.0
Check: installed package size
Result: NOTE installed size is 11.6Mb sub-directories of 1Mb or more: doc 3.2Mb help 7.6Mb Flavors: r-devel-linux-x86_64-fedora-clang, r-prerel-macos-arm64, r-prerel-macos-x86_64, r-prerel-windows-x86_64, r-release-macos-arm64, r-release-macos-x86_64, r-release-windows-x86_64, r-oldrel-macos-arm64, r-oldrel-windows-x86_64