Last updated on 2022-06-29 12:54:32 CEST.
Flavor | Version | Tinstall | Tcheck | Ttotal | Status | Flags |
---|---|---|---|---|---|---|
r-devel-linux-x86_64-debian-clang | 2.9.0 | 20.94 | 175.47 | 196.41 | OK | |
r-devel-linux-x86_64-debian-gcc | 2.9.0 | 21.03 | 133.38 | 154.41 | OK | |
r-devel-linux-x86_64-fedora-clang | 2.9.0 | 256.13 | OK | |||
r-devel-linux-x86_64-fedora-gcc | 2.9.0 | 252.49 | OK | |||
r-devel-windows-x86_64 | 2.9.0 | 234.00 | 251.00 | 485.00 | OK | |
r-patched-linux-x86_64 | 2.9.0 | 36.92 | 166.19 | 203.11 | OK | |
r-release-linux-x86_64 | 2.9.0 | 23.08 | 167.03 | 190.11 | OK | |
r-release-macos-arm64 | 2.9.0 | 95.00 | OK | |||
r-release-macos-x86_64 | 2.9.0 | 105.00 | OK | |||
r-release-windows-x86_64 | 2.9.0 | 251.00 | 269.00 | 520.00 | OK | |
r-oldrel-macos-arm64 | 2.9.0 | 100.00 | NOTE | |||
r-oldrel-macos-x86_64 | 2.9.0 | 117.00 | OK | |||
r-oldrel-windows-ix86+x86_64 | 2.9.0 | 47.00 | 234.00 | 281.00 | OK |
Version: 2.9.0
Check: installed package size
Result: NOTE
installed size is 5.2Mb
sub-directories of 1Mb or more:
doc 2.0Mb
help 2.3Mb
Flavor: r-oldrel-macos-arm64