CRAN Package Check Results for Package keras

Last updated on 2019-03-24 09:46:54 CET.

Flavor Version Tinstall Tcheck Ttotal Status Flags
r-devel-linux-x86_64-debian-clang 2.2.4 15.81 156.40 172.21 OK
r-devel-linux-x86_64-debian-gcc 2.2.4 13.55 124.74 138.29 OK
r-devel-linux-x86_64-fedora-clang 2.2.4 210.36 NOTE
r-devel-linux-x86_64-fedora-gcc 2.2.4 201.17 OK
r-devel-windows-ix86+x86_64 2.2.4 45.00 251.00 296.00 NOTE
r-patched-linux-x86_64 2.2.4 12.06 114.99 127.05 OK
r-patched-solaris-x86 2.2.4 586.20 NOTE
r-release-linux-x86_64 2.2.4 1.19 5.25 6.44 ERROR
r-release-windows-ix86+x86_64 2.2.4 28.00 135.00 163.00 NOTE
r-release-osx-x86_64 2.2.4 NOTE
r-oldrel-windows-ix86+x86_64 2.2.4 20.00 218.00 238.00 NOTE
r-oldrel-osx-x86_64 2.2.4 NOTE

Check Details

Version: 2.2.4
Check: installed package size
Result: NOTE
     installed size is 5.9Mb
     sub-directories of 1Mb or more:
     doc 4.4Mb
Flavors: r-devel-linux-x86_64-fedora-clang, r-devel-windows-ix86+x86_64, r-patched-solaris-x86, r-release-windows-ix86+x86_64, r-release-osx-x86_64, r-oldrel-windows-ix86+x86_64, r-oldrel-osx-x86_64

Version: 2.2.4
Check: whether package can be installed
Result: ERROR
    Installation failed.
Flavor: r-release-linux-x86_64