CRAN Package Check Results for Package keras

Last updated on 2025-01-20 18:49:41 CET.

Flavor Version Tinstall Tcheck Ttotal Status Flags
r-devel-linux-x86_64-debian-clang 2.15.0 18.91 200.16 219.07 NOTE
r-devel-linux-x86_64-debian-gcc 2.15.0 14.40 138.51 152.91 NOTE
r-devel-linux-x86_64-fedora-clang 2.15.0 358.57 OK
r-devel-linux-x86_64-fedora-gcc 2.15.0 350.74 OK
r-devel-windows-x86_64 2.15.0 26.00 291.00 317.00 NOTE
r-patched-linux-x86_64 2.15.0 38.59 188.79 227.38 OK
r-release-linux-x86_64 2.15.0 19.30 192.44 211.74 OK
r-release-macos-arm64 2.15.0 124.00 OK
r-release-macos-x86_64 2.15.0 175.00 NOTE
r-release-windows-x86_64 2.15.0 26.00 287.00 313.00 OK
r-oldrel-macos-arm64 2.15.0 107.00 OK
r-oldrel-macos-x86_64 2.15.0 222.00 NOTE
r-oldrel-windows-x86_64 2.15.0 31.00 326.00 357.00 OK

Check Details

Version: 2.15.0
Check: Rd cross-references
Result: NOTE Found the following Rd file(s) with Rd \link{} targets missing package anchors: KerasCallback.Rd: R6Class KerasConstraint.Rd: R6Class KerasLayer.Rd: R6Class KerasWrapper.Rd: R6Class Please provide package anchors for all Rd \link{} targets not in the package itself and the base packages. Flavors: r-devel-linux-x86_64-debian-clang, r-devel-linux-x86_64-debian-gcc, r-devel-windows-x86_64

Version: 2.15.0
Check: installed package size
Result: NOTE installed size is 5.0Mb sub-directories of 1Mb or more: doc 2.0Mb help 2.1Mb Flavors: r-release-macos-x86_64, r-oldrel-macos-x86_64