CRAN Package Check Results for Package karel

Last updated on 2022-01-23 05:01:23 CET.

Flavor Version Tinstall Tcheck Ttotal Status Flags
r-devel-linux-x86_64-debian-clang 0.1.0 6.00 99.21 105.21 OK
r-devel-linux-x86_64-debian-gcc 0.1.0 5.00 80.53 85.53 OK
r-devel-linux-x86_64-fedora-clang 0.1.0 127.47 NOTE
r-devel-linux-x86_64-fedora-gcc 0.1.0 111.82 NOTE
r-devel-windows-x86_64-new-UL 0.1.0 52.00 131.00 183.00 OK
r-devel-windows-x86_64-new-TK 0.1.0 NOTE
r-patched-linux-x86_64 0.1.0 4.78 94.09 98.87 OK
r-release-linux-x86_64 0.1.0 5.48 95.88 101.36 OK
r-release-macos-arm64 0.1.0 NOTE
r-release-macos-x86_64 0.1.0 NOTE
r-release-windows-ix86+x86_64 0.1.0 15.00 112.00 127.00 OK
r-oldrel-macos-x86_64 0.1.0 NOTE
r-oldrel-windows-ix86+x86_64 0.1.0 15.00 114.00 129.00 OK

Check Details

Version: 0.1.0
Check: dependencies in R code
Result: NOTE
    Namespace in Imports field not imported from: ‘gifski’
     All declared Imports should be used.
Flavors: r-devel-linux-x86_64-fedora-clang, r-devel-linux-x86_64-fedora-gcc, r-devel-windows-x86_64-new-TK, r-release-macos-arm64, r-release-macos-x86_64, r-oldrel-macos-x86_64