CRAN Package Check Results for Package kader

Last updated on 2019-04-25 10:49:07 CEST.

Flavor Version Tinstall Tcheck Ttotal Status Flags
r-devel-linux-x86_64-debian-clang 0.0.8 2.48 37.10 39.58 OK
r-devel-linux-x86_64-debian-gcc 0.0.8 1.84 26.55 28.39 OK
r-devel-linux-x86_64-fedora-clang 0.0.8 49.18 OK
r-devel-linux-x86_64-fedora-gcc 0.0.8 43.15 OK
r-devel-windows-ix86+x86_64 0.0.8 6.00 51.00 57.00 OK
r-patched-linux-x86_64 0.0.8 2.34 32.61 34.95 NOTE
r-patched-solaris-x86 0.0.8 75.10 OK
r-release-linux-x86_64 0.0.8 1.80 31.90 33.70 NOTE
r-release-windows-ix86+x86_64 0.0.8 3.00 72.00 75.00 OK
r-release-osx-x86_64 0.0.8 OK
r-oldrel-windows-ix86+x86_64 0.0.8 2.00 50.00 52.00 OK
r-oldrel-osx-x86_64 0.0.8 OK

Check Details

Version: 0.0.8
Check: DESCRIPTION meta-information
Result: NOTE
    Dependence on R version ‘3.4.1’ not with patchlevel 0
Flavors: r-patched-linux-x86_64, r-release-linux-x86_64