CRAN Package Check Results for Package kader

Last updated on 2019-07-21 07:49:12 CEST.

Flavor Version Tinstall Tcheck Ttotal Status Flags
r-devel-linux-x86_64-debian-clang 0.0.8 2.45 37.34 39.79 OK
r-devel-linux-x86_64-debian-gcc 0.0.8 2.00 26.33 28.33 OK
r-devel-linux-x86_64-fedora-clang 0.0.8 48.26 OK
r-devel-linux-x86_64-fedora-gcc 0.0.8 40.97 OK
r-devel-windows-ix86+x86_64 0.0.8 4.00 73.00 77.00 OK
r-patched-linux-x86_64 0.0.8 1.97 32.83 34.80 NOTE
r-patched-solaris-x86 0.0.8 79.00 OK
r-release-linux-x86_64 0.0.8 2.05 32.57 34.62 NOTE
r-release-windows-ix86+x86_64 0.0.8 5.00 57.00 62.00 OK
r-release-osx-x86_64 0.0.8 OK
r-oldrel-windows-ix86+x86_64 0.0.8 4.00 48.00 52.00 OK
r-oldrel-osx-x86_64 0.0.8 OK

Check Details

Version: 0.0.8
Check: DESCRIPTION meta-information
Result: NOTE
    Dependence on R version ‘3.4.1’ not with patchlevel 0
Flavors: r-patched-linux-x86_64, r-release-linux-x86_64