CRAN Package Check Results for Package kableExtra

Last updated on 2020-10-19 16:48:35 CEST.

Flavor Version Tinstall Tcheck Ttotal Status Flags
r-devel-linux-x86_64-debian-clang 1.2.1 7.75 76.63 84.38 OK
r-devel-linux-x86_64-debian-gcc 1.2.1 6.56 59.86 66.42 OK
r-devel-linux-x86_64-fedora-clang 1.2.1 118.05 OK
r-devel-linux-x86_64-fedora-gcc 1.2.1 102.07 OK
r-devel-windows-ix86+x86_64 1.2.1 10.00 84.00 94.00 OK
r-patched-linux-x86_64 1.2.1 8.59 73.29 81.88 OK
r-patched-solaris-x86 1.2.1 122.80 WARN
r-release-linux-x86_64 1.2.1 7.24 73.84 81.08 OK
r-release-macos-x86_64 1.2.1 WARN
r-release-windows-ix86+x86_64 1.2.1 13.00 89.00 102.00 OK
r-oldrel-macos-x86_64 1.2.1 WARN
r-oldrel-windows-ix86+x86_64 1.2.1 9.00 100.00 109.00 OK

Check Details

Version: 1.2.1
Check: re-building of vignette outputs
Result: WARN
    Error(s) in re-building vignettes:
     ...
    --- re-building ‘awesome_table_in_html.Rmd’ using rmarkdown
    Warning in engine$weave(file, quiet = quiet, encoding = enc) :
     Pandoc (>= 1.12.3) and/or pandoc-citeproc not available. Falling back to R Markdown v1.
    Quitting from lines 603-606 (awesome_table_in_html.Rmd)
    Error: processing vignette 'awesome_table_in_html.Rmd' failed with diagnostics:
    cannot open the connection
    --- failed re-building ‘awesome_table_in_html.Rmd’
    
    --- re-building ‘awesome_table_in_pdf.Rmd’ using rmarkdown
    Warning in engine$weave(file, quiet = quiet, encoding = enc) :
     Pandoc (>= 1.12.3) and/or pandoc-citeproc not available. Falling back to R Markdown v1.
    --- finished re-building ‘awesome_table_in_pdf.Rmd’
    
    --- re-building ‘best_practice_for_newline_in_latex_table.Rmd’ using rmarkdown
    Warning in engine$weave(file, quiet = quiet, encoding = enc) :
     Pandoc (>= 1.12.3) and/or pandoc-citeproc not available. Falling back to R Markdown v1.
    --- finished re-building ‘best_practice_for_newline_in_latex_table.Rmd’
    
    --- re-building ‘legacy_features.Rmd’ using rmarkdown
    Warning in engine$weave(file, quiet = quiet, encoding = enc) :
     Pandoc (>= 1.12.3) and/or pandoc-citeproc not available. Falling back to R Markdown v1.
    --- finished re-building ‘legacy_features.Rmd’
    
    --- re-building ‘use_kable_in_shiny.Rmd’ using rmarkdown
    Warning in engine$weave(file, quiet = quiet, encoding = enc) :
     Pandoc (>= 1.12.3) and/or pandoc-citeproc not available. Falling back to R Markdown v1.
    --- finished re-building ‘use_kable_in_shiny.Rmd’
    
    SUMMARY: processing the following file failed:
     ‘awesome_table_in_html.Rmd’
    
    Error: Vignette re-building failed.
    Execution halted
Flavor: r-patched-solaris-x86

Version: 1.2.1
Check: re-building of vignette outputs
Result: WARN
    Error(s) in re-building vignettes:
    --- re-building ‘awesome_table_in_html.Rmd’ using rmarkdown
    Warning in engine$weave(file, quiet = quiet, encoding = enc) :
     Pandoc (>= 1.12.3) and/or pandoc-citeproc not available. Falling back to R Markdown v1.
    Quitting from lines 603-606 (awesome_table_in_html.Rmd)
    Error: processing vignette 'awesome_table_in_html.Rmd' failed with diagnostics:
    cannot open the connection
    --- failed re-building ‘awesome_table_in_html.Rmd’
    
    --- re-building ‘awesome_table_in_pdf.Rmd’ using rmarkdown
    Warning in engine$weave(file, quiet = quiet, encoding = enc) :
     Pandoc (>= 1.12.3) and/or pandoc-citeproc not available. Falling back to R Markdown v1.
    --- finished re-building ‘awesome_table_in_pdf.Rmd’
    
    --- re-building ‘best_practice_for_newline_in_latex_table.Rmd’ using rmarkdown
    Warning in engine$weave(file, quiet = quiet, encoding = enc) :
     Pandoc (>= 1.12.3) and/or pandoc-citeproc not available. Falling back to R Markdown v1.
    --- finished re-building ‘best_practice_for_newline_in_latex_table.Rmd’
    
    --- re-building ‘legacy_features.Rmd’ using rmarkdown
    Warning in engine$weave(file, quiet = quiet, encoding = enc) :
     Pandoc (>= 1.12.3) and/or pandoc-citeproc not available. Falling back to R Markdown v1.
    --- finished re-building ‘legacy_features.Rmd’
    
    --- re-building ‘use_kable_in_shiny.Rmd’ using rmarkdown
    Warning in engine$weave(file, quiet = quiet, encoding = enc) :
     Pandoc (>= 1.12.3) and/or pandoc-citeproc not available. Falling back to R Markdown v1.
    --- finished re-building ‘use_kable_in_shiny.Rmd’
    
    SUMMARY: processing the following file failed:
     ‘awesome_table_in_html.Rmd’
    
    Error: Vignette re-building failed.
    Execution halted
Flavors: r-release-macos-x86_64, r-oldrel-macos-x86_64