CRAN Package Check Results for Package juicr

Last updated on 2023-10-02 05:06:41 CEST.

Flavor Version Tinstall Tcheck Ttotal Status Flags
r-devel-linux-x86_64-debian-clang 0.1 9.86 69.46 79.32 NOTE
r-devel-linux-x86_64-debian-gcc 0.1 7.56 54.10 61.66 NOTE
r-devel-linux-x86_64-fedora-clang 0.1 98.63 NOTE
r-devel-linux-x86_64-fedora-gcc 0.1 109.50 NOTE
r-devel-windows-x86_64 0.1 8.00 67.00 75.00 NOTE
r-patched-linux-x86_64 0.1 8.38 69.43 77.81 NOTE
r-release-linux-x86_64 0.1 7.91 70.10 78.01 NOTE
r-release-macos-arm64 0.1 38.00 NOTE
r-release-macos-x86_64 0.1 65.00 NOTE
r-release-windows-x86_64 0.1 9.00 74.00 83.00 NOTE
r-oldrel-macos-arm64 0.1 64.00 OK
r-oldrel-macos-x86_64 0.1 85.00 OK
r-oldrel-windows-x86_64 0.1 13.00 77.00 90.00 OK

Check Details

Version: 0.1
Check: package subdirectories
Result: NOTE
    Problems with news in ‘NEWS.md’:
     Cannot extract version info from the following section titles:
     pre-release juicr (2017 - 2021)
Flavors: r-devel-linux-x86_64-debian-clang, r-devel-linux-x86_64-debian-gcc, r-devel-linux-x86_64-fedora-clang, r-devel-linux-x86_64-fedora-gcc, r-devel-windows-x86_64, r-patched-linux-x86_64, r-release-linux-x86_64, r-release-macos-arm64, r-release-macos-x86_64, r-release-windows-x86_64