Last updated on 2022-06-26 02:51:14 CEST.
Flavor | Version | Tinstall | Tcheck | Ttotal | Status | Flags |
---|---|---|---|---|---|---|
r-devel-linux-x86_64-debian-clang | 2.2.0 | 14.68 | 189.74 | 204.42 | NOTE | |
r-devel-linux-x86_64-debian-gcc | 2.2.0 | 10.19 | 136.27 | 146.46 | NOTE | |
r-devel-linux-x86_64-fedora-clang | 2.2.0 | 252.97 | NOTE | |||
r-devel-linux-x86_64-fedora-gcc | 2.2.0 | 257.19 | NOTE | |||
r-devel-windows-x86_64 | 2.2.0 | 131.00 | 225.00 | 356.00 | NOTE | |
r-patched-linux-x86_64 | 2.2.0 | 14.92 | 173.90 | 188.82 | OK | |
r-release-linux-x86_64 | 2.2.0 | 12.07 | 177.20 | 189.27 | OK | |
r-release-macos-arm64 | 2.2.0 | 85.00 | OK | |||
r-release-macos-x86_64 | 2.2.0 | 106.00 | OK | |||
r-release-windows-x86_64 | 2.2.0 | 106.00 | 224.00 | 330.00 | OK | |
r-oldrel-macos-arm64 | 2.2.0 | 79.00 | OK | |||
r-oldrel-macos-x86_64 | 2.2.0 | 112.00 | OK | |||
r-oldrel-windows-ix86+x86_64 | 2.2.0 | 28.00 | 214.00 | 242.00 | OK |
Version: 2.2.0
Check: Rd files
Result: NOTE
checkRd: (-1) summ.rq.Rd:104: Escaped LaTeX specials: \&
checkRd: (-1) summ.rq.Rd:108: Escaped LaTeX specials: \&
Flavors: r-devel-linux-x86_64-debian-clang, r-devel-linux-x86_64-debian-gcc, r-devel-linux-x86_64-fedora-clang, r-devel-linux-x86_64-fedora-gcc, r-devel-windows-x86_64