CRAN Package Check Results for Package jtools

Last updated on 2020-09-24 05:51:06 CEST.

Flavor Version Tinstall Tcheck Ttotal Status Flags
r-devel-linux-x86_64-debian-clang 2.1.0 11.20 170.07 181.27 OK
r-devel-linux-x86_64-debian-gcc 2.1.0 10.19 123.85 134.04 OK
r-devel-linux-x86_64-fedora-clang 2.1.0 214.55 NOTE
r-devel-linux-x86_64-fedora-gcc 2.1.0 247.92 NOTE
r-devel-windows-ix86+x86_64 2.1.0 24.00 216.00 240.00 OK
r-patched-linux-x86_64 2.1.0 11.83 156.65 168.48 OK
r-patched-solaris-x86 2.1.0 267.50 NOTE
r-release-linux-x86_64 2.1.0 12.15 157.42 169.57 OK
r-release-macos-x86_64 2.1.0 NOTE
r-release-windows-ix86+x86_64 2.1.0 32.00 224.00 256.00 OK
r-oldrel-macos-x86_64 2.1.0 NOTE
r-oldrel-windows-ix86+x86_64 2.1.0 15.00 212.00 227.00 OK

Check Details

Version: 2.1.0
Check: Rd cross-references
Result: NOTE
    Undeclared packages ‘wec’, ‘arm’, ‘interactions’, ‘piecewiseSEM’ in Rd xrefs
Flavor: r-devel-linux-x86_64-fedora-clang

Version: 2.1.0
Check: data for non-ASCII characters
Result: NOTE
     Note: found 91 marked UTF-8 strings
Flavors: r-devel-linux-x86_64-fedora-clang, r-devel-linux-x86_64-fedora-gcc, r-patched-solaris-x86, r-release-macos-x86_64, r-oldrel-macos-x86_64