CRAN Package Check Results for Package jsr223

Last updated on 2021-06-17 20:51:57 CEST.

Flavor Version Tinstall Tcheck Ttotal Status Flags
r-devel-linux-x86_64-debian-clang 0.3.4 4.39 76.71 81.10 OK
r-devel-linux-x86_64-debian-gcc 0.3.4 3.48 60.88 64.36 OK
r-devel-linux-x86_64-fedora-clang 0.3.4 110.01 OK
r-devel-linux-x86_64-fedora-gcc 0.3.4 95.11 OK
r-devel-windows-x86_64 0.3.4 9.00 91.00 100.00 OK
r-devel-windows-x86_64-gcc10-UCRT 0.3.4 OK
r-patched-linux-x86_64 0.3.4 5.28 75.92 81.20 OK
r-release-linux-x86_64 0.3.4 3.80 75.75 79.55 OK
r-release-macos-arm64 0.3.4 ERROR
r-release-macos-x86_64 0.3.4 OK
r-release-windows-ix86+x86_64 0.3.4 11.00 84.00 95.00 OK
r-oldrel-macos-x86_64 0.3.4 OK
r-oldrel-windows-ix86+x86_64 0.3.4 8.00 63.00 71.00 OK

Check Details

Version: 0.3.4
Check: whether package can be installed
Result: ERROR
    Installation failed.
Flavor: r-release-macos-arm64