CRAN Package Check Results for Package jsmodule

Last updated on 2020-10-26 10:49:58 CET.

Flavor Version Tinstall Tcheck Ttotal Status Flags
r-devel-linux-x86_64-debian-clang 1.1.2 37.41 216.63 254.04 OK
r-devel-linux-x86_64-debian-gcc 1.1.2 27.33 161.82 189.15 OK
r-devel-linux-x86_64-fedora-clang 1.1.2 322.78 NOTE
r-devel-linux-x86_64-fedora-gcc 1.1.2 291.90 NOTE
r-devel-windows-ix86+x86_64 1.1.2 65.00 253.00 318.00 OK
r-patched-linux-x86_64 1.1.2 21.79 198.63 220.42 OK
r-patched-solaris-x86 1.1.2 385.70 NOTE
r-release-linux-x86_64 1.1.2 31.64 195.60 227.24 OK
r-release-macos-x86_64 1.1.2 NOTE
r-release-windows-ix86+x86_64 1.1.2 53.00 178.00 231.00 OK
r-oldrel-macos-x86_64 1.1.2 NOTE
r-oldrel-windows-ix86+x86_64 1.1.2 59.00 242.00 301.00 OK

Check Details

Version: 1.1.2
Check: package dependencies
Result: NOTE
    Imports includes 31 non-default packages.
    Importing from so many packages makes the package vulnerable to any of
    them becoming unavailable. Move as many as possible to Suggests and
    use conditionally.
Flavor: r-devel-linux-x86_64-fedora-clang

Version: 1.1.2
Check: dependencies in R code
Result: NOTE
    Namespaces in Imports field not imported from:
     ‘Cairo’ ‘survC1’
     All declared Imports should be used.
Flavors: r-devel-linux-x86_64-fedora-clang, r-devel-linux-x86_64-fedora-gcc, r-patched-solaris-x86, r-release-macos-x86_64, r-oldrel-macos-x86_64