CRAN Package Check Results for Package jpmesh

Last updated on 2021-11-29 19:51:33 CET.

Flavor Version Tinstall Tcheck Ttotal Status Flags
r-devel-linux-x86_64-debian-clang 2.0.2 11.11 165.46 176.57 OK
r-devel-linux-x86_64-debian-gcc 2.0.2 9.14 125.73 134.87 OK
r-devel-linux-x86_64-fedora-clang 2.0.2 226.66 NOTE
r-devel-linux-x86_64-fedora-gcc 2.0.2 206.48 NOTE
r-devel-windows-x86_64-new-UL 2.0.2 25.00 228.00 253.00 OK
r-devel-windows-x86_64-new-TK 2.0.2 NOTE
r-devel-windows-x86_64-old 2.0.2 19.00 156.00 175.00 OK
r-patched-linux-x86_64 2.0.2 11.39 156.62 168.01 OK
r-patched-solaris-x86 2.0.2 297.40 NOTE
r-release-linux-x86_64 2.0.2 9.14 155.45 164.59 OK
r-release-macos-arm64 2.0.2 NOTE
r-release-macos-x86_64 2.0.2 NOTE
r-release-windows-ix86+x86_64 2.0.2 25.00 142.00 167.00 OK
r-oldrel-macos-x86_64 2.0.2 NOTE
r-oldrel-windows-ix86+x86_64 2.0.2 20.00 161.00 181.00 OK

Check Details

Version: 2.0.2
Check: data for non-ASCII characters
Result: NOTE
     Note: found 176 marked UTF-8 strings
Flavors: r-devel-linux-x86_64-fedora-clang, r-devel-linux-x86_64-fedora-gcc, r-devel-windows-x86_64-new-TK, r-patched-solaris-x86, r-release-macos-arm64, r-release-macos-x86_64, r-oldrel-macos-x86_64