CRAN Package Check Results for Package jpgrid

Last updated on 2022-08-12 09:52:04 CEST.

Flavor Version Tinstall Tcheck Ttotal Status Flags
r-devel-linux-x86_64-debian-clang 0.2.0 9.70 76.21 85.91 OK
r-devel-linux-x86_64-debian-gcc 0.2.0 7.35 58.08 65.43 OK
r-devel-linux-x86_64-fedora-clang 0.2.0 112.00 NOTE
r-devel-linux-x86_64-fedora-gcc 0.2.0 110.53 NOTE
r-devel-windows-x86_64 0.2.0 23.00 93.00 116.00 OK
r-patched-linux-x86_64 0.2.0 7.88 71.89 79.77 OK
r-release-linux-x86_64 0.2.0 7.97 72.21 80.18 OK
r-release-macos-arm64 0.2.0 35.00 NOTE
r-release-macos-x86_64 0.2.0 46.00 NOTE
r-release-windows-x86_64 0.2.0 27.00 101.00 128.00 OK
r-oldrel-macos-arm64 0.2.0 33.00 NOTE
r-oldrel-macos-x86_64 0.2.0 49.00 NOTE
r-oldrel-windows-ix86+x86_64 0.2.0 22.00 92.00 114.00 OK

Check Details

Version: 0.2.0
Check: data for non-ASCII characters
Result: NOTE
     Note: found 461377 marked UTF-8 strings
Flavors: r-devel-linux-x86_64-fedora-clang, r-devel-linux-x86_64-fedora-gcc, r-release-macos-arm64, r-release-macos-x86_64, r-oldrel-macos-arm64, r-oldrel-macos-x86_64