CRAN Package Check Results for Package joinet

Last updated on 2023-06-03 21:55:44 CEST.

Flavor Version Tinstall Tcheck Ttotal Status Flags
r-devel-linux-x86_64-debian-clang 0.0.10 3.42 70.69 74.11 NOTE
r-devel-linux-x86_64-debian-gcc 0.0.10 2.33 53.65 55.98 NOTE
r-devel-linux-x86_64-fedora-clang 0.0.10 92.28 NOTE
r-devel-linux-x86_64-fedora-gcc 0.0.10 97.92 NOTE
r-devel-windows-x86_64 0.0.10 5.00 76.00 81.00 NOTE
r-patched-linux-x86_64 0.0.10 NOTE
r-release-linux-x86_64 0.0.10 2.78 66.91 69.69 NOTE
r-release-macos-arm64 0.0.10 42.00 NOTE
r-release-macos-x86_64 0.0.10 57.00 NOTE
r-release-windows-x86_64 0.0.10 5.00 86.00 91.00 NOTE
r-oldrel-macos-arm64 0.0.10 32.00 NOTE
r-oldrel-macos-x86_64 0.0.10 43.00 NOTE
r-oldrel-windows-x86_64 0.0.10 5.00 91.00 96.00 NOTE

Check Details

Version: 0.0.10
Check: package dependencies
Result: NOTE
    Package which this enhances but not available for checking: ‘remMap’
Flavors: r-devel-linux-x86_64-debian-clang, r-devel-linux-x86_64-debian-gcc, r-devel-linux-x86_64-fedora-clang, r-devel-linux-x86_64-fedora-gcc, r-devel-windows-x86_64, r-patched-linux-x86_64, r-release-linux-x86_64, r-release-macos-arm64, r-release-windows-x86_64, r-oldrel-macos-arm64, r-oldrel-windows-x86_64

Version: 0.0.10
Check: package dependencies
Result: NOTE
    Packages which this enhances but not available for checking:
     'remMap', 'mcen', 'RMTL'
Flavor: r-release-macos-x86_64

Version: 0.0.10
Check: package dependencies
Result: NOTE
    Packages which this enhances but not available for checking:
     'remMap', 'MultivariateRandomForest'
Flavor: r-oldrel-macos-x86_64