CRAN Package Check Results for Package joineRmeta

Last updated on 2019-09-15 08:47:20 CEST.

Flavor Version Tinstall Tcheck Ttotal Status Flags
r-devel-linux-x86_64-debian-clang 0.1.1 20.13 204.31 224.44 OK
r-devel-linux-x86_64-debian-gcc 0.1.1 17.64 150.67 168.31 OK
r-devel-linux-x86_64-fedora-clang 0.1.1 257.56 NOTE
r-devel-linux-x86_64-fedora-gcc 0.1.1 254.47 NOTE
r-devel-windows-ix86+x86_64 0.1.1 59.00 213.00 272.00 OK
r-patched-linux-x86_64 0.1.1 18.71 193.14 211.85 OK
r-patched-solaris-x86 0.1.1 339.50 NOTE
r-release-linux-x86_64 0.1.1 20.51 192.82 213.33 OK
r-release-windows-ix86+x86_64 0.1.1 38.00 273.00 311.00 OK
r-release-osx-x86_64 0.1.1 NOTE
r-oldrel-windows-ix86+x86_64 0.1.1 33.00 194.00 227.00 OK
r-oldrel-osx-x86_64 0.1.1 NOTE

Check Details

Version: 0.1.1
Check: dependencies in R code
Result: NOTE
    Namespace in Imports field not imported from: ‘nlme’
     All declared Imports should be used.
Flavors: r-devel-linux-x86_64-fedora-clang, r-devel-linux-x86_64-fedora-gcc, r-patched-solaris-x86, r-release-osx-x86_64, r-oldrel-osx-x86_64