CRAN Package Check Results for Package joineRmeta

Last updated on 2020-01-19 21:48:46 CET.

Flavor Version Tinstall Tcheck Ttotal Status Flags
r-devel-linux-x86_64-debian-clang 0.1.1 20.38 226.22 246.60 OK
r-devel-linux-x86_64-debian-gcc 0.1.1 17.26 163.59 180.85 OK
r-devel-linux-x86_64-fedora-clang 0.1.1 286.23 NOTE
r-devel-linux-x86_64-fedora-gcc 0.1.1 300.85 NOTE
r-devel-windows-ix86+x86_64 0.1.1 54.00 297.00 351.00 OK
r-devel-windows-ix86+x86_64-gcc8 0.1.1 34.00 302.00 336.00 OK
r-patched-linux-x86_64 0.1.1 19.02 193.99 213.01 OK
r-patched-solaris-x86 0.1.1 359.30 NOTE
r-release-linux-x86_64 0.1.1 19.66 192.40 212.06 OK
r-release-windows-ix86+x86_64 0.1.1 52.00 212.00 264.00 OK
r-release-osx-x86_64 0.1.1 NOTE
r-oldrel-windows-ix86+x86_64 0.1.1 25.00 191.00 216.00 OK
r-oldrel-osx-x86_64 0.1.1 NOTE

Check Details

Version: 0.1.1
Check: dependencies in R code
Result: NOTE
    Namespace in Imports field not imported from: ‘nlme’
     All declared Imports should be used.
Flavors: r-devel-linux-x86_64-fedora-clang, r-devel-linux-x86_64-fedora-gcc, r-patched-solaris-x86, r-release-osx-x86_64, r-oldrel-osx-x86_64