CRAN Package Check Results for Package joineRML

Last updated on 2022-08-13 15:53:53 CEST.

Flavor Version Tinstall Tcheck Ttotal Status Flags
r-devel-linux-x86_64-debian-clang 0.4.5 112.56 526.20 638.76 OK
r-devel-linux-x86_64-debian-gcc 0.4.5 89.02 385.40 474.42 OK
r-devel-linux-x86_64-fedora-clang 0.4.5 812.14 OK
r-devel-linux-x86_64-fedora-gcc 0.4.5 797.08 OK
r-devel-windows-x86_64 0.4.5 114.00 649.00 763.00 OK
r-patched-linux-x86_64 0.4.5 98.05 426.70 524.75 OK
r-release-linux-x86_64 0.4.5 93.45 494.31 587.76 OK
r-release-macos-arm64 0.4.5 197.00 NOTE
r-release-macos-x86_64 0.4.5 310.00 NOTE
r-release-windows-x86_64 0.4.5 119.00 635.00 754.00 OK
r-oldrel-macos-arm64 0.4.5 264.00 NOTE
r-oldrel-macos-x86_64 0.4.5 376.00 NOTE
r-oldrel-windows-ix86+x86_64 0.4.5 268.00 917.00 1185.00 OK

Check Details

Version: 0.4.5
Check: installed package size
Result: NOTE
     installed size is 6.8Mb
     sub-directories of 1Mb or more:
     data 1.3Mb
     libs 4.2Mb
Flavors: r-release-macos-arm64, r-release-macos-x86_64, r-oldrel-macos-arm64, r-oldrel-macos-x86_64