CRAN Package Check Results for Package joinXL

Last updated on 2022-05-28 04:54:55 CEST.

Flavor Version Tinstall Tcheck Ttotal Status Flags
r-devel-linux-x86_64-debian-clang 1.0.1 8.08 86.12 94.20 NOTE
r-devel-linux-x86_64-debian-gcc 1.0.1 6.05 63.51 69.56 NOTE
r-devel-linux-x86_64-fedora-clang 1.0.1 108.69 NOTE
r-devel-linux-x86_64-fedora-gcc 1.0.1 105.93 NOTE
r-devel-windows-x86_64 1.0.1 14.00 96.00 110.00 NOTE
r-patched-linux-x86_64 1.0.1 6.71 79.74 86.45 NOTE
r-release-linux-x86_64 1.0.1 6.15 81.12 87.27 NOTE
r-release-macos-arm64 1.0.1 30.00 NOTE
r-release-macos-x86_64 1.0.1 55.00 NOTE
r-release-windows-x86_64 1.0.1 16.00 98.00 114.00 NOTE
r-oldrel-macos-arm64 1.0.1 41.00 NOTE
r-oldrel-macos-x86_64 1.0.1 50.00 NOTE
r-oldrel-windows-ix86+x86_64 1.0.1 17.00 89.00 106.00 NOTE

Check Details

Version: 1.0.1
Check: LazyData
Result: NOTE
     'LazyData' is specified without a 'data' directory
Flavors: r-devel-linux-x86_64-debian-clang, r-devel-linux-x86_64-debian-gcc, r-devel-linux-x86_64-fedora-clang, r-devel-linux-x86_64-fedora-gcc, r-devel-windows-x86_64, r-patched-linux-x86_64, r-release-linux-x86_64, r-release-macos-arm64, r-release-macos-x86_64, r-release-windows-x86_64, r-oldrel-macos-arm64, r-oldrel-macos-x86_64, r-oldrel-windows-ix86+x86_64