CRAN Package Check Results for Package jmvcore

Last updated on 2019-04-26 06:47:43 CEST.

Flavor Version Tinstall Tcheck Ttotal Status Flags
r-devel-linux-x86_64-debian-clang 0.9.6.4 20.25 28.76 49.01 OK
r-devel-linux-x86_64-debian-gcc 0.9.6.4 18.06 23.19 41.25 OK
r-devel-linux-x86_64-fedora-clang 0.9.6.4 62.73 OK
r-devel-linux-x86_64-fedora-gcc 0.9.6.4 63.57 OK
r-devel-windows-ix86+x86_64 0.9.6.4 33.00 58.00 91.00 OK
r-patched-linux-x86_64 0.9.6.4 20.14 28.92 49.06 OK
r-patched-solaris-x86 0.9.6.4 83.60 NOTE
r-release-linux-x86_64 0.9.6.4 16.78 27.27 44.05 OK
r-release-windows-ix86+x86_64 0.9.6.4 49.00 64.00 113.00 OK
r-release-osx-x86_64 0.9.6.4 OK
r-oldrel-windows-ix86+x86_64 0.9.6.4 39.00 44.00 83.00 OK
r-oldrel-osx-x86_64 0.9.6.4 OK

Check Details

Version: 0.9.6.4
Check: package dependencies
Result: NOTE
    Package suggested but not available for checking: ‘RProtoBuf’
Flavor: r-patched-solaris-x86