Last updated on 2023-03-28 02:54:55 CEST.
Flavor | Version | Tinstall | Tcheck | Ttotal | Status | Flags |
---|---|---|---|---|---|---|
r-devel-linux-x86_64-debian-clang | 1.1.1 | 277.48 | 37.19 | 314.67 | NOTE | |
r-devel-linux-x86_64-debian-gcc | 1.1.1 | 204.94 | 28.92 | 233.86 | NOTE | |
r-devel-linux-x86_64-fedora-clang | 1.1.1 | 500.59 | NOTE | |||
r-devel-linux-x86_64-fedora-gcc | 1.1.1 | 399.23 | NOTE | |||
r-patched-linux-x86_64 | 1.1.1 | 221.44 | 35.78 | 257.22 | NOTE | |
r-release-linux-x86_64 | 1.1.1 | 220.28 | 37.50 | 257.78 | OK | |
r-release-macos-arm64 | 1.1.1 | 86.00 | NOTE | |||
r-release-macos-x86_64 | 1.1.1 | 120.00 | NOTE | |||
r-release-windows-x86_64 | 1.1.1 | 339.00 | 102.00 | 441.00 | OK | |
r-oldrel-macos-arm64 | 1.1.1 | 88.00 | NOTE | |||
r-oldrel-macos-x86_64 | 1.1.1 | 188.00 | NOTE | |||
r-oldrel-windows-ix86+x86_64 | 1.1.1 | 654.00 | 104.00 | 758.00 | OK |
Version: 1.1.1
Check: C++ specification
Result: NOTE
Specified C++11: please drop specification unless essential
Flavors: r-devel-linux-x86_64-debian-clang, r-devel-linux-x86_64-debian-gcc, r-devel-linux-x86_64-fedora-clang, r-devel-linux-x86_64-fedora-gcc, r-patched-linux-x86_64
Version: 1.1.1
Check: installed package size
Result: NOTE
installed size is 7.0Mb
sub-directories of 1Mb or more:
data 1.1Mb
libs 5.8Mb
Flavors: r-release-macos-arm64, r-release-macos-x86_64, r-oldrel-macos-arm64, r-oldrel-macos-x86_64