Last updated on 2023-12-11 13:49:39 CET.
Flavor | Version | Tinstall | Tcheck | Ttotal | Status | Flags |
---|---|---|---|---|---|---|
r-devel-linux-x86_64-debian-clang | 0.2.0 | 9.14 | 98.51 | 107.65 | OK | |
r-devel-linux-x86_64-debian-gcc | 0.2.0 | 9.29 | 72.47 | 81.76 | OK | |
r-devel-linux-x86_64-fedora-clang | 0.2.0 | 136.56 | NOTE | |||
r-devel-linux-x86_64-fedora-gcc | 0.2.0 | 131.53 | NOTE | |||
r-devel-windows-x86_64 | 0.2.0 | 11.00 | 88.00 | 99.00 | OK | |
r-patched-linux-x86_64 | 0.2.0 | 7.76 | 91.12 | 98.88 | OK | |
r-release-linux-x86_64 | 0.2.0 | 7.23 | 91.12 | 98.35 | OK | |
r-release-macos-arm64 | 0.2.0 | 62.00 | OK | |||
r-release-macos-x86_64 | 0.2.0 | 150.00 | OK | |||
r-release-windows-x86_64 | 0.2.0 | 15.00 | 102.00 | 117.00 | OK | |
r-oldrel-macos-arm64 | 0.2.0 | 48.00 | OK | |||
r-oldrel-macos-x86_64 | 0.2.0 | 60.00 | OK | |||
r-oldrel-windows-x86_64 | 0.2.0 | 15.00 | 110.00 | 125.00 | OK |
Version: 0.2.0
Check: data for non-ASCII characters
Result: NOTE
Note: found 16726 marked UTF-8 strings
Flavors: r-devel-linux-x86_64-fedora-clang, r-devel-linux-x86_64-fedora-gcc