CRAN Package Check Results for Package jinjar

Last updated on 2023-01-30 20:55:49 CET.

Flavor Version Tinstall Tcheck Ttotal Status Flags
r-devel-linux-x86_64-debian-clang 0.3.0 63.08 47.50 110.58 OK
r-devel-linux-x86_64-debian-gcc 0.3.0 60.75 35.95 96.70 NOTE
r-devel-linux-x86_64-fedora-clang 0.3.0 151.96 NOTE
r-devel-linux-x86_64-fedora-gcc 0.3.0 181.84 NOTE
r-devel-windows-x86_64 0.3.0 66.00 102.00 168.00 NOTE
r-patched-linux-x86_64 0.3.0 66.96 45.86 112.82 OK
r-release-linux-x86_64 0.3.0 66.83 45.06 111.89 OK
r-release-macos-arm64 0.3.0 45.00 NOTE
r-release-macos-x86_64 0.3.0 63.00 NOTE
r-release-windows-x86_64 0.3.0 69.00 118.00 187.00 OK
r-oldrel-macos-arm64 0.3.0 44.00 NOTE
r-oldrel-macos-x86_64 0.3.0 64.00 NOTE
r-oldrel-windows-ix86+x86_64 0.3.0 149.00 113.00 262.00 OK

Check Details

Version: 0.3.0
Check: C++ specification
Result: NOTE
     Specified C++11: please update to current default of C++17
Flavors: r-devel-linux-x86_64-debian-gcc, r-devel-linux-x86_64-fedora-clang, r-devel-linux-x86_64-fedora-gcc, r-devel-windows-x86_64

Version: 0.3.0
Check: installed package size
Result: NOTE
     installed size is 7.1Mb
     sub-directories of 1Mb or more:
     libs 6.9Mb
Flavors: r-release-macos-arm64, r-release-macos-x86_64, r-oldrel-macos-arm64, r-oldrel-macos-x86_64