Last updated on 2023-06-05 21:59:09 CEST.
Flavor | Version | Tinstall | Tcheck | Ttotal | Status | Flags |
---|---|---|---|---|---|---|
r-devel-linux-x86_64-debian-clang | 0.3.0 | 67.88 | 46.95 | 114.83 | NOTE | |
r-devel-linux-x86_64-debian-gcc | 0.3.0 | 61.27 | 36.80 | 98.07 | NOTE | |
r-devel-linux-x86_64-fedora-clang | 0.3.0 | 156.86 | NOTE | |||
r-devel-linux-x86_64-fedora-gcc | 0.3.0 | 178.45 | NOTE | |||
r-devel-windows-x86_64 | 0.3.0 | 46.00 | 85.00 | 131.00 | NOTE | |
r-patched-linux-x86_64 | 0.3.0 | 65.19 | 44.48 | 109.67 | NOTE | |
r-release-linux-x86_64 | 0.3.0 | 60.88 | 45.43 | 106.31 | NOTE | |
r-release-macos-arm64 | 0.3.0 | 59.00 | NOTE | |||
r-release-macos-x86_64 | 0.3.0 | 89.00 | NOTE | |||
r-release-windows-x86_64 | 0.3.0 | 49.00 | 95.00 | 144.00 | NOTE | |
r-oldrel-macos-arm64 | 0.3.0 | 51.00 | NOTE | |||
r-oldrel-macos-x86_64 | 0.3.0 | 63.00 | NOTE | |||
r-oldrel-windows-x86_64 | 0.3.0 | 62.00 | 90.00 | 152.00 | OK |
Version: 0.3.0
Check: C++ specification
Result: NOTE
Specified C++11: please drop specification unless essential
Flavors: r-devel-linux-x86_64-debian-clang, r-devel-linux-x86_64-debian-gcc, r-devel-linux-x86_64-fedora-clang, r-devel-linux-x86_64-fedora-gcc, r-devel-windows-x86_64, r-patched-linux-x86_64, r-release-linux-x86_64, r-release-macos-arm64, r-release-macos-x86_64, r-release-windows-x86_64
Version: 0.3.0
Check: installed package size
Result: NOTE
installed size is 7.9Mb
sub-directories of 1Mb or more:
libs 7.7Mb
Flavors: r-release-macos-arm64, r-release-macos-x86_64, r-oldrel-macos-arm64, r-oldrel-macos-x86_64