CRAN Package Check Results for Package jgsbook

Last updated on 2024-06-22 03:49:34 CEST.

Flavor Version Tinstall Tcheck Ttotal Status Flags
r-devel-linux-x86_64-debian-clang 1.0.6 2.17 28.41 30.58 OK
r-devel-linux-x86_64-debian-gcc 1.0.5 2.19 21.31 23.50 OK
r-devel-linux-x86_64-fedora-clang 1.0.6 40.33 NOTE
r-devel-linux-x86_64-fedora-gcc 1.0.6 39.07 NOTE
r-devel-windows-x86_64 1.0.6 7.00 48.00 55.00 OK
r-patched-linux-x86_64 1.0.5 3.10 27.31 30.41 OK
r-release-linux-x86_64 1.0.5 2.81 27.14 29.95 OK
r-release-macos-arm64 1.0.6 19.00 OK
r-release-macos-x86_64 1.0.6 35.00 OK
r-release-windows-x86_64 1.0.5 4.00 45.00 49.00 OK
r-oldrel-macos-arm64 1.0.6 24.00 OK
r-oldrel-macos-x86_64 1.0.6 38.00 OK
r-oldrel-windows-x86_64 1.0.6 5.00 48.00 53.00 OK

Check Details

Version: 1.0.6
Check: data for non-ASCII characters
Result: NOTE Note: found 87 marked UTF-8 strings Flavors: r-devel-linux-x86_64-fedora-clang, r-devel-linux-x86_64-fedora-gcc