Last updated on 2023-01-27 17:50:17 CET.
Flavor | Version | Tinstall | Tcheck | Ttotal | Status | Flags |
---|---|---|---|---|---|---|
r-devel-linux-x86_64-debian-clang | 1.0.2 | 2.30 | 25.49 | 27.79 | OK | |
r-devel-linux-x86_64-debian-gcc | 1.0.2 | 2.11 | 20.23 | 22.34 | OK | |
r-devel-linux-x86_64-fedora-clang | 1.0.2 | 35.75 | NOTE | |||
r-devel-linux-x86_64-fedora-gcc | 1.0.2 | 33.91 | NOTE | |||
r-devel-windows-x86_64 | 1.0.2 | 14.00 | 60.00 | 74.00 | OK | |
r-patched-linux-x86_64 | 1.0.2 | 2.85 | 25.28 | 28.13 | OK | |
r-release-linux-x86_64 | 1.0.2 | 2.64 | 25.20 | 27.84 | OK | |
r-release-macos-arm64 | 1.0.2 | 20.00 | OK | |||
r-release-macos-x86_64 | 1.0.2 | 25.00 | NOTE | |||
r-release-windows-x86_64 | 1.0.2 | 18.00 | 60.00 | 78.00 | OK | |
r-oldrel-macos-arm64 | 1.0.2 | 25.00 | OK | |||
r-oldrel-macos-x86_64 | 1.0.2 | 29.00 | NOTE | |||
r-oldrel-windows-ix86+x86_64 | 1.0.2 | 6.00 | 51.00 | 57.00 | OK |
Version: 1.0.2
Check: data for non-ASCII characters
Result: NOTE
Note: found 85 marked UTF-8 strings
Flavors: r-devel-linux-x86_64-fedora-clang, r-devel-linux-x86_64-fedora-gcc, r-release-macos-x86_64, r-oldrel-macos-x86_64