Last updated on 2023-06-05 21:59:09 CEST.
Flavor | Version | Tinstall | Tcheck | Ttotal | Status | Flags |
---|---|---|---|---|---|---|
r-devel-linux-x86_64-debian-clang | 1.0.2 | 2.57 | 25.90 | 28.47 | OK | |
r-devel-linux-x86_64-debian-gcc | 1.0.2 | 2.14 | 22.06 | 24.20 | OK | |
r-devel-linux-x86_64-fedora-clang | 1.0.2 | 35.75 | NOTE | |||
r-devel-linux-x86_64-fedora-gcc | 1.0.2 | 36.59 | NOTE | |||
r-devel-windows-x86_64 | 1.0.2 | 4.00 | 55.00 | 59.00 | OK | |
r-patched-linux-x86_64 | 1.0.2 | 2.16 | 25.25 | 27.41 | OK | |
r-release-linux-x86_64 | 1.0.2 | 1.64 | 25.43 | 27.07 | OK | |
r-release-macos-arm64 | 1.0.2 | 22.00 | OK | |||
r-release-macos-x86_64 | 1.0.2 | 22.00 | OK | |||
r-release-windows-x86_64 | 1.0.2 | 5.00 | 47.00 | 52.00 | OK | |
r-oldrel-macos-arm64 | 1.0.2 | 20.00 | OK | |||
r-oldrel-macos-x86_64 | 1.0.2 | 25.00 | NOTE | |||
r-oldrel-windows-x86_64 | 1.0.2 | 4.00 | 49.00 | 53.00 | OK |
Version: 1.0.2
Check: data for non-ASCII characters
Result: NOTE
Note: found 85 marked UTF-8 strings
Flavors: r-devel-linux-x86_64-fedora-clang, r-devel-linux-x86_64-fedora-gcc, r-oldrel-macos-x86_64