Last updated on 2023-05-30 20:58:49 CEST.
Flavor | Version | Tinstall | Tcheck | Ttotal | Status | Flags |
---|---|---|---|---|---|---|
r-devel-linux-x86_64-debian-clang | 1.1.3 | 300.65 | 58.21 | 358.86 | NOTE | |
r-devel-linux-x86_64-debian-gcc | 1.1.3 | 248.60 | 45.17 | 293.77 | NOTE | |
r-devel-linux-x86_64-fedora-clang | 1.1.3 | 575.08 | NOTE | |||
r-devel-linux-x86_64-fedora-gcc | 1.1.3 | 592.67 | NOTE | |||
r-devel-windows-x86_64 | 1.1.3 | 248.00 | 175.00 | 423.00 | NOTE | |
r-patched-linux-x86_64 | 1.1.3 | 269.56 | 56.20 | 325.76 | NOTE | |
r-release-linux-x86_64 | 1.1.3 | 263.88 | 55.94 | 319.82 | NOTE | |
r-release-macos-arm64 | 1.1.3 | 142.00 | NOTE | |||
r-release-macos-x86_64 | 1.1.3 | 208.00 | NOTE | |||
r-release-windows-x86_64 | 1.1.3 | 322.00 | 201.00 | 523.00 | NOTE | |
r-oldrel-macos-arm64 | 1.1.3 | 125.00 | NOTE | |||
r-oldrel-macos-x86_64 | 1.1.3 | 157.00 | NOTE | |||
r-oldrel-windows-x86_64 | 1.1.3 | 311.00 | 141.00 | 452.00 | NOTE |
Version: 1.1.3
Check: C++ specification
Result: NOTE
Specified C++11: please drop specification unless essential
Flavors: r-devel-linux-x86_64-debian-clang, r-devel-linux-x86_64-debian-gcc, r-devel-linux-x86_64-fedora-clang, r-devel-linux-x86_64-fedora-gcc, r-devel-windows-x86_64, r-patched-linux-x86_64, r-release-linux-x86_64, r-release-macos-arm64, r-release-macos-x86_64, r-release-windows-x86_64
Version: 1.1.3
Check: for GNU extensions in Makefiles
Result: NOTE
GNU make is a SystemRequirements.
Flavors: r-devel-linux-x86_64-debian-clang, r-devel-linux-x86_64-debian-gcc, r-devel-linux-x86_64-fedora-clang, r-devel-linux-x86_64-fedora-gcc, r-devel-windows-x86_64, r-patched-linux-x86_64, r-release-linux-x86_64, r-release-macos-arm64, r-release-macos-x86_64, r-release-windows-x86_64, r-oldrel-macos-arm64, r-oldrel-macos-x86_64, r-oldrel-windows-x86_64
Version: 1.1.3
Check: installed package size
Result: NOTE
installed size is 12.5Mb
sub-directories of 1Mb or more:
art_profiles 1.5Mb
libs 10.3Mb
Flavors: r-devel-windows-x86_64, r-release-macos-arm64, r-release-macos-x86_64, r-release-windows-x86_64, r-oldrel-macos-arm64, r-oldrel-macos-x86_64, r-oldrel-windows-x86_64