CRAN Package Check Results for Package ivreg

Last updated on 2024-02-29 20:05:30 CET.

Flavor Version Tinstall Tcheck Ttotal Status Flags
r-devel-linux-x86_64-debian-clang 0.6-2 3.59 77.19 80.78 OK
r-devel-linux-x86_64-debian-gcc 0.6-2 2.91 57.10 60.01 OK
r-devel-linux-x86_64-fedora-clang 0.6-2 98.09 OK
r-devel-linux-x86_64-fedora-gcc 0.6-2 116.78 OK
r-devel-windows-x86_64 0.6-2 6.00 76.00 82.00 OK
r-patched-linux-x86_64 0.6-2 13.36 74.24 87.60 OK
r-release-linux-x86_64 0.6-2 4.63 74.18 78.81 OK
r-release-macos-arm64 0.6-2 43.00 OK
r-release-macos-x86_64 0.6-2 66.00 NOTE
r-release-windows-x86_64 0.6-2 7.00 88.00 95.00 OK
r-oldrel-macos-arm64 0.6-2 25.00 OK
r-oldrel-windows-x86_64 0.6-2 7.00 93.00 100.00 OK

Check Details

Version: 0.6-2
Check: package dependencies
Result: NOTE Package suggested but not available for checking: ‘AER’ Flavor: r-release-macos-x86_64

Version: 0.6-2
Check: Rd cross-references
Result: NOTE Package unavailable to check Rd xrefs: ‘AER’ Flavor: r-release-macos-x86_64